{"id":1042,"date":"2024-04-26T16:09:52","date_gmt":"2024-04-26T14:09:52","guid":{"rendered":"https:\/\/beauxarts-cie.com\/consulting\/?page_id=1042"},"modified":"2024-07-16T14:24:32","modified_gmt":"2024-07-16T12:24:32","slug":"cathedrales-du-rail-2","status":"publish","type":"page","link":"https:\/\/beauxarts-cie.com\/consulting\/projets\/cathedrales-du-rail-2\/","title":{"rendered":"Accompagnement dans la d\u00e9finition du projet culturel du premier mus\u00e9e d\u00e9di\u00e9 au Hip-Hop et au Street-Art au sein des Cath\u00e9drales du Rail"},"content":{"rendered":"\n<div class=\"wp-block-columns refId\">\n<div class=\"wp-block-column\">\n<h2 class=\"has-text-align-left\">Client : Eiffage Am\u00e9nagement<\/h2>\n<\/div>\n\n\n\n<div class=\"wp-block-column\">\n<p>Temporalit\u00e9 : 2022<\/p>\n\n\n\n<p>Revue d&rsquo;inspiration, programmation, analyse, formalisation<\/p>\n<\/div>\n<\/div>\n\n\n\n<p><strong>Le contexte et ses enjeux :<\/strong><\/p>\n\n\n\n<p>Le quartier des Cath\u00e9drales, situ\u00e9 \u00e0 Saint-Denis, suscite l\u2019int\u00e9r\u00eat de plusieurs projets de r\u00e9habilitation ou de d\u00e9veloppement, qui associent habitations, activit\u00e9s \u00e9conomiques et culturelles. Le projet port\u00e9 par Eiffage Am\u00e9nagement se positionne dans le consortium \u00ab&nbsp;Cath\u00e9drales du Rail&nbsp;\u00bb, avec le d\u00e9veloppement d\u2019un espace \u00ab&nbsp;A\u00e9rosol et mus\u00e9e du hip-hop&nbsp;\u00bb, situ\u00e9 \u00e0 Saint-Denis et port\u00e9 par la soci\u00e9t\u00e9 Maquis-art et l\u2019association Hip-Hop Citoyens.<\/p>\n\n\n\n<p>L\u2019objectif est de proposer au sein du r\u00e9am\u00e9nagement d\u2019un nouveau quartier un \u00e9quipement culturel majeur, valorisant la culture hip hop et le street art, dont la pr\u00e9sence en France est associ\u00e9e \u00e0 Saint-Denis. Les halles, patrimoine majeur \u00e0 r\u00e9habiliter, font l\u2019objet d\u2019une r\u00e9flexion pouss\u00e9e sur leur dimension culturelle.<\/p>\n\n\n\n<p><strong>Notre r\u00f4le<\/strong> :<\/p>\n\n\n\n<p>Beaux Arts Consulting a accompagn\u00e9 Eiffage Am\u00e9nagement, Maquis-art et Hip hop citoyen dans la pr\u00e9cision du discours et du fil rouge culturel des cath\u00e9drales du rail, et dans les modalit\u00e9s de mise en \u0153uvre du projet, avant de participer \u00e0 la r\u00e9daction du livret culturel du projet et \u00e0 la soutenance :<\/p>\n\n\n\n<ul><li>R\u00e9alisation d\u2019un cahier d\u2019inspiration, d\u2019un benchmark, d\u2019entretiens et d\u2019\u00e9tudes pour nourrir le concept culturel,<\/li><li>Analyse de l\u2019Etat des lieux des projets culturels autour du hip-hop <\/li><li>D\u00e9finition de pistes de programmation,<\/li><li>D\u00e9finition d\u2019un macro-calendrier de lancement et d\u2019un business plan pour le projet,<\/li><li>Formalisation du livret culturel et coordination des relations avec le graphiste. <\/li><\/ul>\n\n\n\n<p><strong>Retomb\u00e9es et suites :<\/strong><\/p>\n\n\n\n<p>Suite \u00e0 l\u2019accompagnement de Beaux Arts Consulting, le projet port\u00e9 par Eiffage Am\u00e9nagement a \u00e9t\u00e9 retenu par les \u00e9quipes de SNCF Immobilier, de la Ville de Saint-Denis et de Plaine Commune (une s\u00e9lection de quelques articles dans <a href=\"https:\/\/www.leparisien.fr\/seine-saint-denis-93\/saint-denis-le-musee-reference-du-hip-hop-et-du-street-art-fera-revivre-les-cathedrales-du-rail-30-01-2023-MFTVJ5GFWNCBDP2J5GAER62BLA.php\">Le Parisien<\/a>, <a href=\"https:\/\/www.lesechos.fr\/pme-regions\/ile-de-france\/saint-denis-les-cathedrales-du-rail-bientot-rehabilitees-en-musee-du-street-art-1903188\">Les Echos<\/a>, <a href=\"https:\/\/www.beauxarts.com\/grand-format\/les-cathedrales-du-rail-de-saint-denis-accueilleront-un-grand-musee-du-hip-hop-et-du-street-art\/\">Beaux Arts Magazine<\/a>, <a href=\"https:\/\/www.lebonbon.fr\/paris\/good-news\/plus-grand-musee-hip-hop-street-art-france-paris\/\">Le Bonbon, <\/a>etc.).&nbsp;<\/p>\n","protected":false},"excerpt":{"rendered":"<p>Client : Eiffage Am\u00e9nagement Temporalit\u00e9 : 2022 Revue d&rsquo;inspiration, programmation, analyse, formalisation Le contexte et ses enjeux : Le quartier des Cath\u00e9drales, situ\u00e9 \u00e0 Saint-Denis, suscite l\u2019int\u00e9r\u00eat de plusieurs projets de r\u00e9habilitation ou de d\u00e9veloppement, qui associent habitations, activit\u00e9s \u00e9conomiques et culturelles. Le projet port\u00e9 par Eiffage Am\u00e9nagement se positionne dans le consortium \u00ab&nbsp;Cath\u00e9drales du [&hellip;]<\/p>\n","protected":false},"author":12,"featured_media":972,"parent":49,"menu_order":0,"comment_status":"closed","ping_status":"closed","template":"tpl-page-child-reference.php","meta":[],"yoast_head":"<!-- This site is optimized with the Yoast SEO plugin v19.11 - https:\/\/yoast.com\/wordpress\/plugins\/seo\/ -->\n<title>Accompagnement dans la d\u00e9finition du projet culturel du premier mus\u00e9e d\u00e9di\u00e9 au Hip-Hop et au Street-Art au sein des Cath\u00e9drales du Rail - Beaux Arts Consulting<\/title>\n<meta name=\"robots\" content=\"index, follow, max-snippet:-1, max-image-preview:large, max-video-preview:-1\" \/>\n<link rel=\"canonical\" href=\"https:\/\/beauxarts-cie.com\/consulting\/projets\/cathedrales-du-rail-2\/\" \/>\n<meta property=\"og:locale\" content=\"fr_FR\" \/>\n<meta property=\"og:type\" content=\"article\" \/>\n<meta property=\"og:title\" content=\"Accompagnement dans la d\u00e9finition du projet culturel du premier mus\u00e9e d\u00e9di\u00e9 au Hip-Hop et au Street-Art au sein des Cath\u00e9drales du Rail - Beaux Arts Consulting\" \/>\n<meta property=\"og:description\" content=\"Client : Eiffage Am\u00e9nagement Temporalit\u00e9 : 2022 Revue d&rsquo;inspiration, programmation, analyse, formalisation Le contexte et ses enjeux : Le quartier des Cath\u00e9drales, situ\u00e9 \u00e0 Saint-Denis, suscite l\u2019int\u00e9r\u00eat de plusieurs projets de r\u00e9habilitation ou de d\u00e9veloppement, qui associent habitations, activit\u00e9s \u00e9conomiques et culturelles. Le projet port\u00e9 par Eiffage Am\u00e9nagement se positionne dans le consortium \u00ab&nbsp;Cath\u00e9drales du [&hellip;]\" \/>\n<meta property=\"og:url\" content=\"https:\/\/beauxarts-cie.com\/consulting\/projets\/cathedrales-du-rail-2\/\" \/>\n<meta property=\"og:site_name\" content=\"Beaux Arts Consulting\" \/>\n<meta property=\"article:modified_time\" content=\"2024-07-16T12:24:32+00:00\" \/>\n<meta property=\"og:image\" content=\"https:\/\/beauxarts-cie.com\/consulting\/wp-content\/uploads\/sites\/3\/2024\/04\/ZFQCN6B42VGTNIKKO5ZKO5WEWA.jpg\" \/>\n\t<meta property=\"og:image:width\" content=\"932\" \/>\n\t<meta property=\"og:image:height\" content=\"582\" \/>\n\t<meta property=\"og:image:type\" content=\"image\/jpeg\" \/>\n<meta name=\"twitter:card\" content=\"summary_large_image\" \/>\n<meta name=\"twitter:label1\" content=\"Dur\u00e9e de lecture estim\u00e9e\" \/>\n\t<meta name=\"twitter:data1\" content=\"2 minutes\" \/>\n<script type=\"application\/ld+json\" class=\"yoast-schema-graph\">{\"@context\":\"https:\/\/schema.org\",\"@graph\":[{\"@type\":\"WebPage\",\"@id\":\"https:\/\/beauxarts-cie.com\/consulting\/projets\/cathedrales-du-rail-2\/\",\"url\":\"https:\/\/beauxarts-cie.com\/consulting\/projets\/cathedrales-du-rail-2\/\",\"name\":\"Accompagnement dans la d\u00e9finition du projet culturel du premier mus\u00e9e d\u00e9di\u00e9 au Hip-Hop et au Street-Art au sein des Cath\u00e9drales du Rail - Beaux Arts Consulting\",\"isPartOf\":{\"@id\":\"https:\/\/beauxarts-cie.com\/consulting\/#website\"},\"datePublished\":\"2024-04-26T14:09:52+00:00\",\"dateModified\":\"2024-07-16T12:24:32+00:00\",\"breadcrumb\":{\"@id\":\"https:\/\/beauxarts-cie.com\/consulting\/projets\/cathedrales-du-rail-2\/#breadcrumb\"},\"inLanguage\":\"fr-FR\",\"potentialAction\":[{\"@type\":\"ReadAction\",\"target\":[\"https:\/\/beauxarts-cie.com\/consulting\/projets\/cathedrales-du-rail-2\/\"]}]},{\"@type\":\"BreadcrumbList\",\"@id\":\"https:\/\/beauxarts-cie.com\/consulting\/projets\/cathedrales-du-rail-2\/#breadcrumb\",\"itemListElement\":[{\"@type\":\"ListItem\",\"position\":1,\"name\":\"Projets\",\"item\":\"https:\/\/beauxarts-cie.com\/consulting\/projets\/\"},{\"@type\":\"ListItem\",\"position\":2,\"name\":\"Accompagnement dans la d\u00e9finition du projet culturel du premier mus\u00e9e d\u00e9di\u00e9 au Hip-Hop et au Street-Art au sein des Cath\u00e9drales du Rail\"}]},{\"@type\":\"WebSite\",\"@id\":\"https:\/\/beauxarts-cie.com\/consulting\/#website\",\"url\":\"https:\/\/beauxarts-cie.com\/consulting\/\",\"name\":\"Beaux Arts Consulting\",\"description\":\"Conseil en strat\u00e9gie, innovation et ing\u00e9nierie culturelle\",\"potentialAction\":[{\"@type\":\"SearchAction\",\"target\":{\"@type\":\"EntryPoint\",\"urlTemplate\":\"https:\/\/beauxarts-cie.com\/consulting\/?s={search_term_string}\"},\"query-input\":\"required name=search_term_string\"}],\"inLanguage\":\"fr-FR\"}]}<\/script>\n<!-- \/ Yoast SEO plugin. -->","yoast_head_json":{"title":"Accompagnement dans la d\u00e9finition du projet culturel du premier mus\u00e9e d\u00e9di\u00e9 au Hip-Hop et au Street-Art au sein des Cath\u00e9drales du Rail - Beaux Arts Consulting","robots":{"index":"index","follow":"follow","max-snippet":"max-snippet:-1","max-image-preview":"max-image-preview:large","max-video-preview":"max-video-preview:-1"},"canonical":"https:\/\/beauxarts-cie.com\/consulting\/projets\/cathedrales-du-rail-2\/","og_locale":"fr_FR","og_type":"article","og_title":"Accompagnement dans la d\u00e9finition du projet culturel du premier mus\u00e9e d\u00e9di\u00e9 au Hip-Hop et au Street-Art au sein des Cath\u00e9drales du Rail - Beaux Arts Consulting","og_description":"Client : Eiffage Am\u00e9nagement Temporalit\u00e9 : 2022 Revue d&rsquo;inspiration, programmation, analyse, formalisation Le contexte et ses enjeux : Le quartier des Cath\u00e9drales, situ\u00e9 \u00e0 Saint-Denis, suscite l\u2019int\u00e9r\u00eat de plusieurs projets de r\u00e9habilitation ou de d\u00e9veloppement, qui associent habitations, activit\u00e9s \u00e9conomiques et culturelles. Le projet port\u00e9 par Eiffage Am\u00e9nagement se positionne dans le consortium \u00ab&nbsp;Cath\u00e9drales du [&hellip;]","og_url":"https:\/\/beauxarts-cie.com\/consulting\/projets\/cathedrales-du-rail-2\/","og_site_name":"Beaux Arts Consulting","article_modified_time":"2024-07-16T12:24:32+00:00","og_image":[{"width":932,"height":582,"url":"https:\/\/beauxarts-cie.com\/consulting\/wp-content\/uploads\/sites\/3\/2024\/04\/ZFQCN6B42VGTNIKKO5ZKO5WEWA.jpg","type":"image\/jpeg"}],"twitter_card":"summary_large_image","twitter_misc":{"Dur\u00e9e de lecture estim\u00e9e":"2 minutes"},"schema":{"@context":"https:\/\/schema.org","@graph":[{"@type":"WebPage","@id":"https:\/\/beauxarts-cie.com\/consulting\/projets\/cathedrales-du-rail-2\/","url":"https:\/\/beauxarts-cie.com\/consulting\/projets\/cathedrales-du-rail-2\/","name":"Accompagnement dans la d\u00e9finition du projet culturel du premier mus\u00e9e d\u00e9di\u00e9 au Hip-Hop et au Street-Art au sein des Cath\u00e9drales du Rail - Beaux Arts Consulting","isPartOf":{"@id":"https:\/\/beauxarts-cie.com\/consulting\/#website"},"datePublished":"2024-04-26T14:09:52+00:00","dateModified":"2024-07-16T12:24:32+00:00","breadcrumb":{"@id":"https:\/\/beauxarts-cie.com\/consulting\/projets\/cathedrales-du-rail-2\/#breadcrumb"},"inLanguage":"fr-FR","potentialAction":[{"@type":"ReadAction","target":["https:\/\/beauxarts-cie.com\/consulting\/projets\/cathedrales-du-rail-2\/"]}]},{"@type":"BreadcrumbList","@id":"https:\/\/beauxarts-cie.com\/consulting\/projets\/cathedrales-du-rail-2\/#breadcrumb","itemListElement":[{"@type":"ListItem","position":1,"name":"Projets","item":"https:\/\/beauxarts-cie.com\/consulting\/projets\/"},{"@type":"ListItem","position":2,"name":"Accompagnement dans la d\u00e9finition du projet culturel du premier mus\u00e9e d\u00e9di\u00e9 au Hip-Hop et au Street-Art au sein des Cath\u00e9drales du Rail"}]},{"@type":"WebSite","@id":"https:\/\/beauxarts-cie.com\/consulting\/#website","url":"https:\/\/beauxarts-cie.com\/consulting\/","name":"Beaux Arts Consulting","description":"Conseil en strat\u00e9gie, innovation et ing\u00e9nierie culturelle","potentialAction":[{"@type":"SearchAction","target":{"@type":"EntryPoint","urlTemplate":"https:\/\/beauxarts-cie.com\/consulting\/?s={search_term_string}"},"query-input":"required name=search_term_string"}],"inLanguage":"fr-FR"}]}},"_links":{"self":[{"href":"https:\/\/beauxarts-cie.com\/consulting\/wp-json\/wp\/v2\/pages\/1042"}],"collection":[{"href":"https:\/\/beauxarts-cie.com\/consulting\/wp-json\/wp\/v2\/pages"}],"about":[{"href":"https:\/\/beauxarts-cie.com\/consulting\/wp-json\/wp\/v2\/types\/page"}],"author":[{"embeddable":true,"href":"https:\/\/beauxarts-cie.com\/consulting\/wp-json\/wp\/v2\/users\/12"}],"replies":[{"embeddable":true,"href":"https:\/\/beauxarts-cie.com\/consulting\/wp-json\/wp\/v2\/comments?post=1042"}],"version-history":[{"count":5,"href":"https:\/\/beauxarts-cie.com\/consulting\/wp-json\/wp\/v2\/pages\/1042\/revisions"}],"predecessor-version":[{"id":1484,"href":"https:\/\/beauxarts-cie.com\/consulting\/wp-json\/wp\/v2\/pages\/1042\/revisions\/1484"}],"up":[{"embeddable":true,"href":"https:\/\/beauxarts-cie.com\/consulting\/wp-json\/wp\/v2\/pages\/49"}],"wp:featuredmedia":[{"embeddable":true,"href":"https:\/\/beauxarts-cie.com\/consulting\/wp-json\/wp\/v2\/media\/972"}],"wp:attachment":[{"href":"https:\/\/beauxarts-cie.com\/consulting\/wp-json\/wp\/v2\/media?parent=1042"}],"curies":[{"name":"wp","href":"https:\/\/api.w.org\/{rel}","templated":true}]}}