{"id":1164,"date":"2024-05-27T16:17:34","date_gmt":"2024-05-27T14:17:34","guid":{"rendered":"https:\/\/beauxarts-cie.com\/consulting\/?page_id=1164"},"modified":"2024-05-27T16:17:35","modified_gmt":"2024-05-27T14:17:35","slug":"accompagnement-pour-la-creation-dune-experience-immersive","status":"publish","type":"page","link":"https:\/\/beauxarts-cie.com\/consulting\/projets\/accompagnement-pour-la-creation-dune-experience-immersive\/","title":{"rendered":"Accompagnement pour la cr\u00e9ation d\u2019une exp\u00e9rience immersive"},"content":{"rendered":"\n<div class=\"wp-block-columns refId\">\n<div class=\"wp-block-column\">\n<h2 class=\"has-text-align-left\">Client : CONFIDENTIEL<\/h2>\n<\/div>\n\n\n\n<div class=\"wp-block-column\">\n<p>2023<br>Gestion de projet, dimensionnement \u00e9conomique, \u00e9criture de cahier des charges et des grilles d&rsquo;\u00e9valuation, sourcing et s\u00e9lection de prestataires<\/p>\n<\/div>\n<\/div>\n\n\n\n<p><strong>Le contexte et ses enjeux :<\/strong><\/p>\n\n\n\n<p>Fond\u00e9 il y a plus d\u2019un si\u00e8cle, ce groupe industriel fran\u00e7ais souhaite mettre en avant sa riche histoire afin de la faire connaitre au plus grand nombre. V\u00e9ritable institution dans la vie quotidienne des Fran\u00e7ais, cette entreprise a fait le choix de faire d\u00e9couvrir son histoire \u00e0 travers une exp\u00e9rience immersive.<\/p>\n\n\n\n<p><strong>Notre r\u00f4le :<\/strong><\/p>\n\n\n\n<p>Beaux Arts Consulting accompagne ce groupe industriel dans le cadrage, le sourcing et la s\u00e9lection de prestataires ainsi que dans la gestion de projet pour le d\u00e9veloppement de l\u2019exp\u00e9rience de r\u00e9alit\u00e9 virtuelle en vue d\u2019un lancement au printemps 2025 :<\/p>\n\n\n\n<ul><li>D\u00e9finition du fil rouge &#8211; dates \/ p\u00e9riodes \/ personnages cl\u00e9s \u00e0 retenir, formulation de l\u2019histoire et des th\u00e9matiques cl\u00e9s \u00e0 aborder,<\/li><li>Identification des entreprises sp\u00e9cialis\u00e9es et pr\u00e9-notation pour r\u00e9pondre au mieux aux attentes du cahier des charges,<\/li><li>R\u00e9daction de l\u2019expression des besoins et du cahier des charges pour la r\u00e9alisation de l\u2019exp\u00e9rience immersive,<\/li><li>R\u00e9daction de la grille d\u2019analyse,<\/li><li>Conduite de l\u2019appel \u00e0 projets pour l\u2019exp\u00e9rience en r\u00e9alit\u00e9 virtuelle,<\/li><li>Cadrage du plan de r\u00e9alisation \u2013 construction du mod\u00e8le \u00e9conomique et du plan de financement, calendrier et jalons clefs, plan de charges d\u00e9taill\u00e9,<\/li><li>Suivi de la production des contenus avec le prestataire et coordination des \u00e9changes avec les contributeurs internes et externes du groupe.<\/li><\/ul>\n\n\n\n<p><strong>Retomb\u00e9es et suites :<\/strong><\/p>\n\n\n\n<p>Beaux Arts Consulting accompagne actuellement l\u2019entreprise. L\u2019objectif est de cr\u00e9er une exp\u00e9rience immersive qui sera, dans un premier temps, distribu\u00e9e en Ile-de-France puis en France et \u00e0 l\u2019\u00e9tranger.<\/p>\n\n\n\n<p>Afin de r\u00e9pondre aux attentes de l\u2019entreprise une exp\u00e9rience immersive, dans un format plus court, sera \u00e9galement produite pour \u00eatre utilis\u00e9e comme un outil de communication pour les \u00e9v\u00e8nements organis\u00e9s par le groupe.<\/p>\n\n\n\n<p><\/p>\n","protected":false},"excerpt":{"rendered":"<p>Client : CONFIDENTIEL 2023Gestion de projet, dimensionnement \u00e9conomique, \u00e9criture de cahier des charges et des grilles d&rsquo;\u00e9valuation, sourcing et s\u00e9lection de prestataires Le contexte et ses enjeux : Fond\u00e9 il y a plus d\u2019un si\u00e8cle, ce groupe industriel fran\u00e7ais souhaite mettre en avant sa riche histoire afin de la faire connaitre au plus grand nombre. [&hellip;]<\/p>\n","protected":false},"author":12,"featured_media":1027,"parent":49,"menu_order":0,"comment_status":"closed","ping_status":"closed","template":"tpl-page-child-reference.php","meta":[],"yoast_head":"<!-- This site is optimized with the Yoast SEO plugin v19.11 - https:\/\/yoast.com\/wordpress\/plugins\/seo\/ -->\n<title>Accompagnement pour la cr\u00e9ation d\u2019une exp\u00e9rience immersive - Beaux Arts Consulting<\/title>\n<meta name=\"robots\" content=\"index, follow, max-snippet:-1, max-image-preview:large, max-video-preview:-1\" \/>\n<link rel=\"canonical\" href=\"https:\/\/beauxarts-cie.com\/consulting\/projets\/accompagnement-pour-la-creation-dune-experience-immersive\/\" \/>\n<meta property=\"og:locale\" content=\"fr_FR\" \/>\n<meta property=\"og:type\" content=\"article\" \/>\n<meta property=\"og:title\" content=\"Accompagnement pour la cr\u00e9ation d\u2019une exp\u00e9rience immersive - Beaux Arts Consulting\" \/>\n<meta property=\"og:description\" content=\"Client : CONFIDENTIEL 2023Gestion de projet, dimensionnement \u00e9conomique, \u00e9criture de cahier des charges et des grilles d&rsquo;\u00e9valuation, sourcing et s\u00e9lection de prestataires Le contexte et ses enjeux : Fond\u00e9 il y a plus d\u2019un si\u00e8cle, ce groupe industriel fran\u00e7ais souhaite mettre en avant sa riche histoire afin de la faire connaitre au plus grand nombre. [&hellip;]\" \/>\n<meta property=\"og:url\" content=\"https:\/\/beauxarts-cie.com\/consulting\/projets\/accompagnement-pour-la-creation-dune-experience-immersive\/\" \/>\n<meta property=\"og:site_name\" content=\"Beaux Arts Consulting\" \/>\n<meta property=\"article:modified_time\" content=\"2024-05-27T14:17:35+00:00\" \/>\n<meta property=\"og:image\" content=\"https:\/\/beauxarts-cie.com\/consulting\/wp-content\/uploads\/sites\/3\/2024\/04\/marc-sendra-martorell-Vqn2WrfxTQ-unsplash1.jpg\" \/>\n\t<meta property=\"og:image:width\" content=\"1920\" \/>\n\t<meta property=\"og:image:height\" content=\"1440\" \/>\n\t<meta property=\"og:image:type\" content=\"image\/jpeg\" \/>\n<meta name=\"twitter:card\" content=\"summary_large_image\" \/>\n<meta name=\"twitter:label1\" content=\"Dur\u00e9e de lecture estim\u00e9e\" \/>\n\t<meta name=\"twitter:data1\" content=\"2 minutes\" \/>\n<script type=\"application\/ld+json\" class=\"yoast-schema-graph\">{\"@context\":\"https:\/\/schema.org\",\"@graph\":[{\"@type\":\"WebPage\",\"@id\":\"https:\/\/beauxarts-cie.com\/consulting\/projets\/accompagnement-pour-la-creation-dune-experience-immersive\/\",\"url\":\"https:\/\/beauxarts-cie.com\/consulting\/projets\/accompagnement-pour-la-creation-dune-experience-immersive\/\",\"name\":\"Accompagnement pour la cr\u00e9ation d\u2019une exp\u00e9rience immersive - Beaux Arts Consulting\",\"isPartOf\":{\"@id\":\"https:\/\/beauxarts-cie.com\/consulting\/#website\"},\"datePublished\":\"2024-05-27T14:17:34+00:00\",\"dateModified\":\"2024-05-27T14:17:35+00:00\",\"breadcrumb\":{\"@id\":\"https:\/\/beauxarts-cie.com\/consulting\/projets\/accompagnement-pour-la-creation-dune-experience-immersive\/#breadcrumb\"},\"inLanguage\":\"fr-FR\",\"potentialAction\":[{\"@type\":\"ReadAction\",\"target\":[\"https:\/\/beauxarts-cie.com\/consulting\/projets\/accompagnement-pour-la-creation-dune-experience-immersive\/\"]}]},{\"@type\":\"BreadcrumbList\",\"@id\":\"https:\/\/beauxarts-cie.com\/consulting\/projets\/accompagnement-pour-la-creation-dune-experience-immersive\/#breadcrumb\",\"itemListElement\":[{\"@type\":\"ListItem\",\"position\":1,\"name\":\"Projets\",\"item\":\"https:\/\/beauxarts-cie.com\/consulting\/projets\/\"},{\"@type\":\"ListItem\",\"position\":2,\"name\":\"Accompagnement pour la cr\u00e9ation d\u2019une exp\u00e9rience immersive\"}]},{\"@type\":\"WebSite\",\"@id\":\"https:\/\/beauxarts-cie.com\/consulting\/#website\",\"url\":\"https:\/\/beauxarts-cie.com\/consulting\/\",\"name\":\"Beaux Arts Consulting\",\"description\":\"Conseil en strat\u00e9gie, innovation et ing\u00e9nierie culturelle\",\"potentialAction\":[{\"@type\":\"SearchAction\",\"target\":{\"@type\":\"EntryPoint\",\"urlTemplate\":\"https:\/\/beauxarts-cie.com\/consulting\/?s={search_term_string}\"},\"query-input\":\"required name=search_term_string\"}],\"inLanguage\":\"fr-FR\"}]}<\/script>\n<!-- \/ Yoast SEO plugin. -->","yoast_head_json":{"title":"Accompagnement pour la cr\u00e9ation d\u2019une exp\u00e9rience immersive - Beaux Arts Consulting","robots":{"index":"index","follow":"follow","max-snippet":"max-snippet:-1","max-image-preview":"max-image-preview:large","max-video-preview":"max-video-preview:-1"},"canonical":"https:\/\/beauxarts-cie.com\/consulting\/projets\/accompagnement-pour-la-creation-dune-experience-immersive\/","og_locale":"fr_FR","og_type":"article","og_title":"Accompagnement pour la cr\u00e9ation d\u2019une exp\u00e9rience immersive - Beaux Arts Consulting","og_description":"Client : CONFIDENTIEL 2023Gestion de projet, dimensionnement \u00e9conomique, \u00e9criture de cahier des charges et des grilles d&rsquo;\u00e9valuation, sourcing et s\u00e9lection de prestataires Le contexte et ses enjeux : Fond\u00e9 il y a plus d\u2019un si\u00e8cle, ce groupe industriel fran\u00e7ais souhaite mettre en avant sa riche histoire afin de la faire connaitre au plus grand nombre. [&hellip;]","og_url":"https:\/\/beauxarts-cie.com\/consulting\/projets\/accompagnement-pour-la-creation-dune-experience-immersive\/","og_site_name":"Beaux Arts Consulting","article_modified_time":"2024-05-27T14:17:35+00:00","og_image":[{"width":1920,"height":1440,"url":"https:\/\/beauxarts-cie.com\/consulting\/wp-content\/uploads\/sites\/3\/2024\/04\/marc-sendra-martorell-Vqn2WrfxTQ-unsplash1.jpg","type":"image\/jpeg"}],"twitter_card":"summary_large_image","twitter_misc":{"Dur\u00e9e de lecture estim\u00e9e":"2 minutes"},"schema":{"@context":"https:\/\/schema.org","@graph":[{"@type":"WebPage","@id":"https:\/\/beauxarts-cie.com\/consulting\/projets\/accompagnement-pour-la-creation-dune-experience-immersive\/","url":"https:\/\/beauxarts-cie.com\/consulting\/projets\/accompagnement-pour-la-creation-dune-experience-immersive\/","name":"Accompagnement pour la cr\u00e9ation d\u2019une exp\u00e9rience immersive - Beaux Arts Consulting","isPartOf":{"@id":"https:\/\/beauxarts-cie.com\/consulting\/#website"},"datePublished":"2024-05-27T14:17:34+00:00","dateModified":"2024-05-27T14:17:35+00:00","breadcrumb":{"@id":"https:\/\/beauxarts-cie.com\/consulting\/projets\/accompagnement-pour-la-creation-dune-experience-immersive\/#breadcrumb"},"inLanguage":"fr-FR","potentialAction":[{"@type":"ReadAction","target":["https:\/\/beauxarts-cie.com\/consulting\/projets\/accompagnement-pour-la-creation-dune-experience-immersive\/"]}]},{"@type":"BreadcrumbList","@id":"https:\/\/beauxarts-cie.com\/consulting\/projets\/accompagnement-pour-la-creation-dune-experience-immersive\/#breadcrumb","itemListElement":[{"@type":"ListItem","position":1,"name":"Projets","item":"https:\/\/beauxarts-cie.com\/consulting\/projets\/"},{"@type":"ListItem","position":2,"name":"Accompagnement pour la cr\u00e9ation d\u2019une exp\u00e9rience immersive"}]},{"@type":"WebSite","@id":"https:\/\/beauxarts-cie.com\/consulting\/#website","url":"https:\/\/beauxarts-cie.com\/consulting\/","name":"Beaux Arts Consulting","description":"Conseil en strat\u00e9gie, innovation et ing\u00e9nierie culturelle","potentialAction":[{"@type":"SearchAction","target":{"@type":"EntryPoint","urlTemplate":"https:\/\/beauxarts-cie.com\/consulting\/?s={search_term_string}"},"query-input":"required name=search_term_string"}],"inLanguage":"fr-FR"}]}},"_links":{"self":[{"href":"https:\/\/beauxarts-cie.com\/consulting\/wp-json\/wp\/v2\/pages\/1164"}],"collection":[{"href":"https:\/\/beauxarts-cie.com\/consulting\/wp-json\/wp\/v2\/pages"}],"about":[{"href":"https:\/\/beauxarts-cie.com\/consulting\/wp-json\/wp\/v2\/types\/page"}],"author":[{"embeddable":true,"href":"https:\/\/beauxarts-cie.com\/consulting\/wp-json\/wp\/v2\/users\/12"}],"replies":[{"embeddable":true,"href":"https:\/\/beauxarts-cie.com\/consulting\/wp-json\/wp\/v2\/comments?post=1164"}],"version-history":[{"count":1,"href":"https:\/\/beauxarts-cie.com\/consulting\/wp-json\/wp\/v2\/pages\/1164\/revisions"}],"predecessor-version":[{"id":1165,"href":"https:\/\/beauxarts-cie.com\/consulting\/wp-json\/wp\/v2\/pages\/1164\/revisions\/1165"}],"up":[{"embeddable":true,"href":"https:\/\/beauxarts-cie.com\/consulting\/wp-json\/wp\/v2\/pages\/49"}],"wp:featuredmedia":[{"embeddable":true,"href":"https:\/\/beauxarts-cie.com\/consulting\/wp-json\/wp\/v2\/media\/1027"}],"wp:attachment":[{"href":"https:\/\/beauxarts-cie.com\/consulting\/wp-json\/wp\/v2\/media?parent=1164"}],"curies":[{"name":"wp","href":"https:\/\/api.w.org\/{rel}","templated":true}]}}