{"id":1182,"date":"2024-05-29T10:10:16","date_gmt":"2024-05-29T08:10:16","guid":{"rendered":"https:\/\/beauxarts-cie.com\/consulting\/?page_id=1182"},"modified":"2024-07-09T12:40:30","modified_gmt":"2024-07-09T10:40:30","slug":"redaction-du-fil-rouge-artistique-et-culturel-du-projet-de-reconversion-dun-ancien-siege-social","status":"publish","type":"page","link":"https:\/\/beauxarts-cie.com\/consulting\/projets\/redaction-du-fil-rouge-artistique-et-culturel-du-projet-de-reconversion-dun-ancien-siege-social\/","title":{"rendered":"R\u00e9daction du fil rouge artistique et culturel du projet de reconversion d&rsquo;un ancien si\u00e8ge social"},"content":{"rendered":"\n<div class=\"wp-block-columns refId\">\n<div class=\"wp-block-column\">\n<h2 class=\"has-text-align-left\">Client : Confidentiel<\/h2>\n<\/div>\n\n\n\n<div class=\"wp-block-column\">\n<p>2022<br>Positionnement, mod\u00e9lisation \u00e9conomique, nouveaux publics, gestion de projet<\/p>\n<\/div>\n<\/div>\n\n\n\n<p><strong>Le contexte et ses enjeux :<\/strong><\/p>\n\n\n\n<p>Un promoteur immobilier a souhait\u00e9 r\u00e9pondre \u00e0 la consultation \u00e9mise par l\u2019AP-HP dans le cadre du programme \u00ab R\u00e9inventer Paris III&nbsp;\u00bb pour la cession de l\u2019ancien si\u00e8ge de l\u2019institution, situ\u00e9 rue Victoria \u00e0 Paris. Ce promoteur portait un projet de transformation du site m\u00ealant logements, bureaux et espaces commercial, pour cr\u00e9er un lieu de vie et de destination centr\u00e9 autour du concept de bien-\u00eatre. Il a fait appel \u00e0 Beaux Arts Consulting pour imaginer un projet culturel pour le site dans son ensemble, et certains espaces en particulier, en coh\u00e9rence avec le projet global.<\/p>\n\n\n\n<p><strong>Notre r\u00f4le :<\/strong><\/p>\n\n\n\n<p>Beaux Arts Consulting a accompagn\u00e9 le promoteur immobilier dans la stabilisation projet culturel et artistique pour diff\u00e9rents espaces : locomotive commerciale, sous-sols et voutes, coques du rez-de-chauss\u00e9e du b\u00e2timent Saint-Martin.<\/p>\n\n\n\n<ul><li>Recherche d\u2019inspirations pour les diff\u00e9rents espaces concern\u00e9s par le projet, <\/li><li>Ecriture d\u2019un fil rouge artistique et culturel avec pr\u00e9cision spatiale du concept pour diff\u00e9rents espaces, en coh\u00e9rence avec le projet global port\u00e9 par le promoteur immobilier,<\/li><li>D\u00e9finition d\u2019\u00e9l\u00e9ments de mod\u00e9lisation \u00e9conomique des activit\u00e9s pr\u00e9vues,<\/li><li>Identification des partenaires potentiels pour prendre en charge les espaces culturels : sourcing de prestataires, premiers \u00e9changes et d\u00e9finition de positionnement potentiels.<\/li><\/ul>\n\n\n\n<p><strong>Retomb\u00e9es et suites :<\/strong><\/p>\n\n\n\n<p>Cette mission s\u2019est concr\u00e9tis\u00e9e par la r\u00e9alisation d\u2019une note d\u2019intention pr\u00e9sentant le projet culturel et int\u00e9grant une s\u00e9lection d\u2019inspirations pertinentes et des notes d\u2019intentions d\u2019exploitants potentiels pressentis. Cette note d\u2019intention a \u00e9t\u00e9 int\u00e9gr\u00e9e dans le dossier global remis par le promoteur immobilier dans le cadre de la consultation.<\/p>\n","protected":false},"excerpt":{"rendered":"<p>Client : Confidentiel 2022Positionnement, mod\u00e9lisation \u00e9conomique, nouveaux publics, gestion de projet Le contexte et ses enjeux : Un promoteur immobilier a souhait\u00e9 r\u00e9pondre \u00e0 la consultation \u00e9mise par l\u2019AP-HP dans le cadre du programme \u00ab R\u00e9inventer Paris III&nbsp;\u00bb pour la cession de l\u2019ancien si\u00e8ge de l\u2019institution, situ\u00e9 rue Victoria \u00e0 Paris. Ce promoteur portait un [&hellip;]<\/p>\n","protected":false},"author":12,"featured_media":1183,"parent":49,"menu_order":0,"comment_status":"closed","ping_status":"closed","template":"tpl-page-child-reference.php","meta":[],"yoast_head":"<!-- This site is optimized with the Yoast SEO plugin v19.11 - https:\/\/yoast.com\/wordpress\/plugins\/seo\/ -->\n<title>R\u00e9daction du fil rouge artistique et culturel du projet de reconversion d&#039;un ancien si\u00e8ge social - Beaux Arts Consulting<\/title>\n<meta name=\"robots\" content=\"index, follow, max-snippet:-1, max-image-preview:large, max-video-preview:-1\" \/>\n<link rel=\"canonical\" href=\"https:\/\/beauxarts-cie.com\/consulting\/projets\/redaction-du-fil-rouge-artistique-et-culturel-du-projet-de-reconversion-dun-ancien-siege-social\/\" \/>\n<meta property=\"og:locale\" content=\"fr_FR\" \/>\n<meta property=\"og:type\" content=\"article\" \/>\n<meta property=\"og:title\" content=\"R\u00e9daction du fil rouge artistique et culturel du projet de reconversion d&#039;un ancien si\u00e8ge social - Beaux Arts Consulting\" \/>\n<meta property=\"og:description\" content=\"Client : Confidentiel 2022Positionnement, mod\u00e9lisation \u00e9conomique, nouveaux publics, gestion de projet Le contexte et ses enjeux : Un promoteur immobilier a souhait\u00e9 r\u00e9pondre \u00e0 la consultation \u00e9mise par l\u2019AP-HP dans le cadre du programme \u00ab R\u00e9inventer Paris III&nbsp;\u00bb pour la cession de l\u2019ancien si\u00e8ge de l\u2019institution, situ\u00e9 rue Victoria \u00e0 Paris. Ce promoteur portait un [&hellip;]\" \/>\n<meta property=\"og:url\" content=\"https:\/\/beauxarts-cie.com\/consulting\/projets\/redaction-du-fil-rouge-artistique-et-culturel-du-projet-de-reconversion-dun-ancien-siege-social\/\" \/>\n<meta property=\"og:site_name\" content=\"Beaux Arts Consulting\" \/>\n<meta property=\"article:modified_time\" content=\"2024-07-09T10:40:30+00:00\" \/>\n<meta property=\"og:image\" content=\"https:\/\/beauxarts-cie.com\/consulting\/wp-content\/uploads\/sites\/3\/2024\/05\/sirisvisual-xKS_9UKa5lk-unsplash-edited.jpg\" \/>\n\t<meta property=\"og:image:width\" content=\"1920\" \/>\n\t<meta property=\"og:image:height\" content=\"1080\" \/>\n\t<meta property=\"og:image:type\" content=\"image\/jpeg\" \/>\n<meta name=\"twitter:card\" content=\"summary_large_image\" \/>\n<meta name=\"twitter:label1\" content=\"Dur\u00e9e de lecture estim\u00e9e\" \/>\n\t<meta name=\"twitter:data1\" content=\"2 minutes\" \/>\n<script type=\"application\/ld+json\" class=\"yoast-schema-graph\">{\"@context\":\"https:\/\/schema.org\",\"@graph\":[{\"@type\":\"WebPage\",\"@id\":\"https:\/\/beauxarts-cie.com\/consulting\/projets\/redaction-du-fil-rouge-artistique-et-culturel-du-projet-de-reconversion-dun-ancien-siege-social\/\",\"url\":\"https:\/\/beauxarts-cie.com\/consulting\/projets\/redaction-du-fil-rouge-artistique-et-culturel-du-projet-de-reconversion-dun-ancien-siege-social\/\",\"name\":\"R\u00e9daction du fil rouge artistique et culturel du projet de reconversion d'un ancien si\u00e8ge social - Beaux Arts Consulting\",\"isPartOf\":{\"@id\":\"https:\/\/beauxarts-cie.com\/consulting\/#website\"},\"datePublished\":\"2024-05-29T08:10:16+00:00\",\"dateModified\":\"2024-07-09T10:40:30+00:00\",\"breadcrumb\":{\"@id\":\"https:\/\/beauxarts-cie.com\/consulting\/projets\/redaction-du-fil-rouge-artistique-et-culturel-du-projet-de-reconversion-dun-ancien-siege-social\/#breadcrumb\"},\"inLanguage\":\"fr-FR\",\"potentialAction\":[{\"@type\":\"ReadAction\",\"target\":[\"https:\/\/beauxarts-cie.com\/consulting\/projets\/redaction-du-fil-rouge-artistique-et-culturel-du-projet-de-reconversion-dun-ancien-siege-social\/\"]}]},{\"@type\":\"BreadcrumbList\",\"@id\":\"https:\/\/beauxarts-cie.com\/consulting\/projets\/redaction-du-fil-rouge-artistique-et-culturel-du-projet-de-reconversion-dun-ancien-siege-social\/#breadcrumb\",\"itemListElement\":[{\"@type\":\"ListItem\",\"position\":1,\"name\":\"Projets\",\"item\":\"https:\/\/beauxarts-cie.com\/consulting\/projets\/\"},{\"@type\":\"ListItem\",\"position\":2,\"name\":\"R\u00e9daction du fil rouge artistique et culturel du projet de reconversion d&rsquo;un ancien si\u00e8ge social\"}]},{\"@type\":\"WebSite\",\"@id\":\"https:\/\/beauxarts-cie.com\/consulting\/#website\",\"url\":\"https:\/\/beauxarts-cie.com\/consulting\/\",\"name\":\"Beaux Arts Consulting\",\"description\":\"Conseil en strat\u00e9gie, innovation et ing\u00e9nierie culturelle\",\"potentialAction\":[{\"@type\":\"SearchAction\",\"target\":{\"@type\":\"EntryPoint\",\"urlTemplate\":\"https:\/\/beauxarts-cie.com\/consulting\/?s={search_term_string}\"},\"query-input\":\"required name=search_term_string\"}],\"inLanguage\":\"fr-FR\"}]}<\/script>\n<!-- \/ Yoast SEO plugin. -->","yoast_head_json":{"title":"R\u00e9daction du fil rouge artistique et culturel du projet de reconversion d'un ancien si\u00e8ge social - Beaux Arts Consulting","robots":{"index":"index","follow":"follow","max-snippet":"max-snippet:-1","max-image-preview":"max-image-preview:large","max-video-preview":"max-video-preview:-1"},"canonical":"https:\/\/beauxarts-cie.com\/consulting\/projets\/redaction-du-fil-rouge-artistique-et-culturel-du-projet-de-reconversion-dun-ancien-siege-social\/","og_locale":"fr_FR","og_type":"article","og_title":"R\u00e9daction du fil rouge artistique et culturel du projet de reconversion d'un ancien si\u00e8ge social - Beaux Arts Consulting","og_description":"Client : Confidentiel 2022Positionnement, mod\u00e9lisation \u00e9conomique, nouveaux publics, gestion de projet Le contexte et ses enjeux : Un promoteur immobilier a souhait\u00e9 r\u00e9pondre \u00e0 la consultation \u00e9mise par l\u2019AP-HP dans le cadre du programme \u00ab R\u00e9inventer Paris III&nbsp;\u00bb pour la cession de l\u2019ancien si\u00e8ge de l\u2019institution, situ\u00e9 rue Victoria \u00e0 Paris. Ce promoteur portait un [&hellip;]","og_url":"https:\/\/beauxarts-cie.com\/consulting\/projets\/redaction-du-fil-rouge-artistique-et-culturel-du-projet-de-reconversion-dun-ancien-siege-social\/","og_site_name":"Beaux Arts Consulting","article_modified_time":"2024-07-09T10:40:30+00:00","og_image":[{"width":1920,"height":1080,"url":"https:\/\/beauxarts-cie.com\/consulting\/wp-content\/uploads\/sites\/3\/2024\/05\/sirisvisual-xKS_9UKa5lk-unsplash-edited.jpg","type":"image\/jpeg"}],"twitter_card":"summary_large_image","twitter_misc":{"Dur\u00e9e de lecture estim\u00e9e":"2 minutes"},"schema":{"@context":"https:\/\/schema.org","@graph":[{"@type":"WebPage","@id":"https:\/\/beauxarts-cie.com\/consulting\/projets\/redaction-du-fil-rouge-artistique-et-culturel-du-projet-de-reconversion-dun-ancien-siege-social\/","url":"https:\/\/beauxarts-cie.com\/consulting\/projets\/redaction-du-fil-rouge-artistique-et-culturel-du-projet-de-reconversion-dun-ancien-siege-social\/","name":"R\u00e9daction du fil rouge artistique et culturel du projet de reconversion d'un ancien si\u00e8ge social - Beaux Arts Consulting","isPartOf":{"@id":"https:\/\/beauxarts-cie.com\/consulting\/#website"},"datePublished":"2024-05-29T08:10:16+00:00","dateModified":"2024-07-09T10:40:30+00:00","breadcrumb":{"@id":"https:\/\/beauxarts-cie.com\/consulting\/projets\/redaction-du-fil-rouge-artistique-et-culturel-du-projet-de-reconversion-dun-ancien-siege-social\/#breadcrumb"},"inLanguage":"fr-FR","potentialAction":[{"@type":"ReadAction","target":["https:\/\/beauxarts-cie.com\/consulting\/projets\/redaction-du-fil-rouge-artistique-et-culturel-du-projet-de-reconversion-dun-ancien-siege-social\/"]}]},{"@type":"BreadcrumbList","@id":"https:\/\/beauxarts-cie.com\/consulting\/projets\/redaction-du-fil-rouge-artistique-et-culturel-du-projet-de-reconversion-dun-ancien-siege-social\/#breadcrumb","itemListElement":[{"@type":"ListItem","position":1,"name":"Projets","item":"https:\/\/beauxarts-cie.com\/consulting\/projets\/"},{"@type":"ListItem","position":2,"name":"R\u00e9daction du fil rouge artistique et culturel du projet de reconversion d&rsquo;un ancien si\u00e8ge social"}]},{"@type":"WebSite","@id":"https:\/\/beauxarts-cie.com\/consulting\/#website","url":"https:\/\/beauxarts-cie.com\/consulting\/","name":"Beaux Arts Consulting","description":"Conseil en strat\u00e9gie, innovation et ing\u00e9nierie culturelle","potentialAction":[{"@type":"SearchAction","target":{"@type":"EntryPoint","urlTemplate":"https:\/\/beauxarts-cie.com\/consulting\/?s={search_term_string}"},"query-input":"required name=search_term_string"}],"inLanguage":"fr-FR"}]}},"_links":{"self":[{"href":"https:\/\/beauxarts-cie.com\/consulting\/wp-json\/wp\/v2\/pages\/1182"}],"collection":[{"href":"https:\/\/beauxarts-cie.com\/consulting\/wp-json\/wp\/v2\/pages"}],"about":[{"href":"https:\/\/beauxarts-cie.com\/consulting\/wp-json\/wp\/v2\/types\/page"}],"author":[{"embeddable":true,"href":"https:\/\/beauxarts-cie.com\/consulting\/wp-json\/wp\/v2\/users\/12"}],"replies":[{"embeddable":true,"href":"https:\/\/beauxarts-cie.com\/consulting\/wp-json\/wp\/v2\/comments?post=1182"}],"version-history":[{"count":2,"href":"https:\/\/beauxarts-cie.com\/consulting\/wp-json\/wp\/v2\/pages\/1182\/revisions"}],"predecessor-version":[{"id":1335,"href":"https:\/\/beauxarts-cie.com\/consulting\/wp-json\/wp\/v2\/pages\/1182\/revisions\/1335"}],"up":[{"embeddable":true,"href":"https:\/\/beauxarts-cie.com\/consulting\/wp-json\/wp\/v2\/pages\/49"}],"wp:featuredmedia":[{"embeddable":true,"href":"https:\/\/beauxarts-cie.com\/consulting\/wp-json\/wp\/v2\/media\/1183"}],"wp:attachment":[{"href":"https:\/\/beauxarts-cie.com\/consulting\/wp-json\/wp\/v2\/media?parent=1182"}],"curies":[{"name":"wp","href":"https:\/\/api.w.org\/{rel}","templated":true}]}}