{"id":1457,"date":"2024-07-16T11:41:44","date_gmt":"2024-07-16T09:41:44","guid":{"rendered":"https:\/\/beauxarts-cie.com\/consulting\/?page_id=1457"},"modified":"2024-07-16T12:06:03","modified_gmt":"2024-07-16T10:06:03","slug":"ami2030","status":"publish","type":"page","link":"https:\/\/beauxarts-cie.com\/consulting\/projets\/ami2030\/","title":{"rendered":"Accompagnement dans la candidature \u00e0 l\u2019AMI France 2030 \u00ab P\u00f4les territoriaux d\u2019industries culturelles et cr\u00e9atives favorisant la structuration d\u2019\u00e9cosyst\u00e8mes locaux \u00bb"},"content":{"rendered":"\n<div class=\"wp-block-columns refId\">\n<div class=\"wp-block-column\">\n<h2 class=\"has-text-align-left\">Client : CONFIDENTIEL<\/h2>\n<\/div>\n\n\n\n<div class=\"wp-block-column\">\n<p>2023<br>Positionnement, mod\u00e8le \u00e9conomique<\/p>\n<\/div>\n<\/div>\n\n\n\n<p><strong>Le contexte et ses enjeux :<\/strong><\/p>\n\n\n\n<p> En pleine dynamique de d\u00e9veloppement, l&rsquo;EPCC accompagn\u00e9 pr\u00e9voit une s\u00e9rie d\u2019extensions visant \u00e0 \u00e9largir son offre de services et diversifier ses usagers : cr\u00e9ation d\u2019un centre d\u2019interpr\u00e9tation, formation professionnelle, etc.<\/p>\n\n\n\n<p>Dans ce contexte, cet EPCC a sollicit\u00e9 l\u2019accompagnement de Beaux Arts Consulting pour candidater comme structure pilote \u00e0 l\u2019AMI France 2030 \u00ab&nbsp;P\u00f4les territoriaux d\u2019ICC&nbsp;\u00bb d\u2019une enveloppe de 1,8M\u20ac, pour solliciter un appui en ing\u00e9nierie \u00e0 la structuration d\u2019un p\u00f4le de m\u00e9tiers d\u2019art sur le territoire.<\/p>\n\n\n\n<p><strong>Notre r\u00f4le :<\/strong><\/p>\n\n\n\n<p>Beaux Arts Consulting a soutenu la Ville et l&rsquo;EPCC dans la constitution de son dossier par la r\u00e9daction des \u00e9l\u00e9ments constitutifs de son dossier et par l\u2019animation de s\u00e9ances de r\u00e9flexion et d\u2019arbitrage n\u00e9cessaires \u00e0 leur validation.<\/p>\n\n\n\n<p>Beaux Arts Consulting a notamment permis de :<\/p>\n\n\n\n<ul><li>Stabiliser le concept et les ambitions du projet,<\/li><li>Approfondir la r\u00e9flexion sur la formation du consortium d\u2019acteurs requis par l\u2019AMI<\/li><li>D\u00e9finir les \u00e9l\u00e9ments financiers du projet en apportant son expertise des montages publics priv\u00e9s, et en identifiant les grandes masses financi\u00e8res n\u00e9cessaires au plan de financement demand\u00e9.<\/li><\/ul>\n\n\n\n<p>Enfin, Beaux Arts Consulting a r\u00e9dig\u00e9 une proposition d\u2019ing\u00e9nierie de projet adapt\u00e9e aux besoins identifi\u00e9s pour souligner le besoin du CNCS de b\u00e9n\u00e9ficier du cr\u00e9dit d\u2019ing\u00e9nierie de 100 000 \u20ac par laur\u00e9at d\u00e9di\u00e9e par l\u2019AMI.<\/p>\n","protected":false},"excerpt":{"rendered":"<p>Client : CONFIDENTIEL 2023Positionnement, mod\u00e8le \u00e9conomique Le contexte et ses enjeux : En pleine dynamique de d\u00e9veloppement, l&rsquo;EPCC accompagn\u00e9 pr\u00e9voit une s\u00e9rie d\u2019extensions visant \u00e0 \u00e9largir son offre de services et diversifier ses usagers : cr\u00e9ation d\u2019un centre d\u2019interpr\u00e9tation, formation professionnelle, etc. Dans ce contexte, cet EPCC a sollicit\u00e9 l\u2019accompagnement de Beaux Arts Consulting pour [&hellip;]<\/p>\n","protected":false},"author":12,"featured_media":1458,"parent":49,"menu_order":0,"comment_status":"closed","ping_status":"closed","template":"tpl-page-child-reference.php","meta":[],"yoast_head":"<!-- This site is optimized with the Yoast SEO plugin v19.11 - https:\/\/yoast.com\/wordpress\/plugins\/seo\/ -->\n<title>Accompagnement dans la candidature \u00e0 l\u2019AMI France 2030 \u00ab P\u00f4les territoriaux d\u2019industries culturelles et cr\u00e9atives favorisant la structuration d\u2019\u00e9cosyst\u00e8mes locaux \u00bb - Beaux Arts Consulting<\/title>\n<meta name=\"robots\" content=\"index, follow, max-snippet:-1, max-image-preview:large, max-video-preview:-1\" \/>\n<link rel=\"canonical\" href=\"https:\/\/beauxarts-cie.com\/consulting\/projets\/ami2030\/\" \/>\n<meta property=\"og:locale\" content=\"fr_FR\" \/>\n<meta property=\"og:type\" content=\"article\" \/>\n<meta property=\"og:title\" content=\"Accompagnement dans la candidature \u00e0 l\u2019AMI France 2030 \u00ab P\u00f4les territoriaux d\u2019industries culturelles et cr\u00e9atives favorisant la structuration d\u2019\u00e9cosyst\u00e8mes locaux \u00bb - Beaux Arts Consulting\" \/>\n<meta property=\"og:description\" content=\"Client : CONFIDENTIEL 2023Positionnement, mod\u00e8le \u00e9conomique Le contexte et ses enjeux : En pleine dynamique de d\u00e9veloppement, l&rsquo;EPCC accompagn\u00e9 pr\u00e9voit une s\u00e9rie d\u2019extensions visant \u00e0 \u00e9largir son offre de services et diversifier ses usagers : cr\u00e9ation d\u2019un centre d\u2019interpr\u00e9tation, formation professionnelle, etc. Dans ce contexte, cet EPCC a sollicit\u00e9 l\u2019accompagnement de Beaux Arts Consulting pour [&hellip;]\" \/>\n<meta property=\"og:url\" content=\"https:\/\/beauxarts-cie.com\/consulting\/projets\/ami2030\/\" \/>\n<meta property=\"og:site_name\" content=\"Beaux Arts Consulting\" \/>\n<meta property=\"article:modified_time\" content=\"2024-07-16T10:06:03+00:00\" \/>\n<meta property=\"og:image\" content=\"https:\/\/beauxarts-cie.com\/consulting\/wp-content\/uploads\/sites\/3\/2024\/07\/montylov-HyBXy5PHQR8-unsplash-scaled.jpg\" \/>\n\t<meta property=\"og:image:width\" content=\"1920\" \/>\n\t<meta property=\"og:image:height\" content=\"2560\" \/>\n\t<meta property=\"og:image:type\" content=\"image\/jpeg\" \/>\n<meta name=\"twitter:card\" content=\"summary_large_image\" \/>\n<meta name=\"twitter:label1\" content=\"Dur\u00e9e de lecture estim\u00e9e\" \/>\n\t<meta name=\"twitter:data1\" content=\"2 minutes\" \/>\n<script type=\"application\/ld+json\" class=\"yoast-schema-graph\">{\"@context\":\"https:\/\/schema.org\",\"@graph\":[{\"@type\":\"WebPage\",\"@id\":\"https:\/\/beauxarts-cie.com\/consulting\/projets\/ami2030\/\",\"url\":\"https:\/\/beauxarts-cie.com\/consulting\/projets\/ami2030\/\",\"name\":\"Accompagnement dans la candidature \u00e0 l\u2019AMI France 2030 \u00ab P\u00f4les territoriaux d\u2019industries culturelles et cr\u00e9atives favorisant la structuration d\u2019\u00e9cosyst\u00e8mes locaux \u00bb - Beaux Arts Consulting\",\"isPartOf\":{\"@id\":\"https:\/\/beauxarts-cie.com\/consulting\/#website\"},\"datePublished\":\"2024-07-16T09:41:44+00:00\",\"dateModified\":\"2024-07-16T10:06:03+00:00\",\"breadcrumb\":{\"@id\":\"https:\/\/beauxarts-cie.com\/consulting\/projets\/ami2030\/#breadcrumb\"},\"inLanguage\":\"fr-FR\",\"potentialAction\":[{\"@type\":\"ReadAction\",\"target\":[\"https:\/\/beauxarts-cie.com\/consulting\/projets\/ami2030\/\"]}]},{\"@type\":\"BreadcrumbList\",\"@id\":\"https:\/\/beauxarts-cie.com\/consulting\/projets\/ami2030\/#breadcrumb\",\"itemListElement\":[{\"@type\":\"ListItem\",\"position\":1,\"name\":\"Projets\",\"item\":\"https:\/\/beauxarts-cie.com\/consulting\/projets\/\"},{\"@type\":\"ListItem\",\"position\":2,\"name\":\"Accompagnement dans la candidature \u00e0 l\u2019AMI France 2030 \u00ab P\u00f4les territoriaux d\u2019industries culturelles et cr\u00e9atives favorisant la structuration d\u2019\u00e9cosyst\u00e8mes locaux \u00bb\"}]},{\"@type\":\"WebSite\",\"@id\":\"https:\/\/beauxarts-cie.com\/consulting\/#website\",\"url\":\"https:\/\/beauxarts-cie.com\/consulting\/\",\"name\":\"Beaux Arts Consulting\",\"description\":\"Conseil en strat\u00e9gie, innovation et ing\u00e9nierie culturelle\",\"potentialAction\":[{\"@type\":\"SearchAction\",\"target\":{\"@type\":\"EntryPoint\",\"urlTemplate\":\"https:\/\/beauxarts-cie.com\/consulting\/?s={search_term_string}\"},\"query-input\":\"required name=search_term_string\"}],\"inLanguage\":\"fr-FR\"}]}<\/script>\n<!-- \/ Yoast SEO plugin. -->","yoast_head_json":{"title":"Accompagnement dans la candidature \u00e0 l\u2019AMI France 2030 \u00ab P\u00f4les territoriaux d\u2019industries culturelles et cr\u00e9atives favorisant la structuration d\u2019\u00e9cosyst\u00e8mes locaux \u00bb - Beaux Arts Consulting","robots":{"index":"index","follow":"follow","max-snippet":"max-snippet:-1","max-image-preview":"max-image-preview:large","max-video-preview":"max-video-preview:-1"},"canonical":"https:\/\/beauxarts-cie.com\/consulting\/projets\/ami2030\/","og_locale":"fr_FR","og_type":"article","og_title":"Accompagnement dans la candidature \u00e0 l\u2019AMI France 2030 \u00ab P\u00f4les territoriaux d\u2019industries culturelles et cr\u00e9atives favorisant la structuration d\u2019\u00e9cosyst\u00e8mes locaux \u00bb - Beaux Arts Consulting","og_description":"Client : CONFIDENTIEL 2023Positionnement, mod\u00e8le \u00e9conomique Le contexte et ses enjeux : En pleine dynamique de d\u00e9veloppement, l&rsquo;EPCC accompagn\u00e9 pr\u00e9voit une s\u00e9rie d\u2019extensions visant \u00e0 \u00e9largir son offre de services et diversifier ses usagers : cr\u00e9ation d\u2019un centre d\u2019interpr\u00e9tation, formation professionnelle, etc. Dans ce contexte, cet EPCC a sollicit\u00e9 l\u2019accompagnement de Beaux Arts Consulting pour [&hellip;]","og_url":"https:\/\/beauxarts-cie.com\/consulting\/projets\/ami2030\/","og_site_name":"Beaux Arts Consulting","article_modified_time":"2024-07-16T10:06:03+00:00","og_image":[{"width":1920,"height":2560,"url":"https:\/\/beauxarts-cie.com\/consulting\/wp-content\/uploads\/sites\/3\/2024\/07\/montylov-HyBXy5PHQR8-unsplash-scaled.jpg","type":"image\/jpeg"}],"twitter_card":"summary_large_image","twitter_misc":{"Dur\u00e9e de lecture estim\u00e9e":"2 minutes"},"schema":{"@context":"https:\/\/schema.org","@graph":[{"@type":"WebPage","@id":"https:\/\/beauxarts-cie.com\/consulting\/projets\/ami2030\/","url":"https:\/\/beauxarts-cie.com\/consulting\/projets\/ami2030\/","name":"Accompagnement dans la candidature \u00e0 l\u2019AMI France 2030 \u00ab P\u00f4les territoriaux d\u2019industries culturelles et cr\u00e9atives favorisant la structuration d\u2019\u00e9cosyst\u00e8mes locaux \u00bb - Beaux Arts Consulting","isPartOf":{"@id":"https:\/\/beauxarts-cie.com\/consulting\/#website"},"datePublished":"2024-07-16T09:41:44+00:00","dateModified":"2024-07-16T10:06:03+00:00","breadcrumb":{"@id":"https:\/\/beauxarts-cie.com\/consulting\/projets\/ami2030\/#breadcrumb"},"inLanguage":"fr-FR","potentialAction":[{"@type":"ReadAction","target":["https:\/\/beauxarts-cie.com\/consulting\/projets\/ami2030\/"]}]},{"@type":"BreadcrumbList","@id":"https:\/\/beauxarts-cie.com\/consulting\/projets\/ami2030\/#breadcrumb","itemListElement":[{"@type":"ListItem","position":1,"name":"Projets","item":"https:\/\/beauxarts-cie.com\/consulting\/projets\/"},{"@type":"ListItem","position":2,"name":"Accompagnement dans la candidature \u00e0 l\u2019AMI France 2030 \u00ab P\u00f4les territoriaux d\u2019industries culturelles et cr\u00e9atives favorisant la structuration d\u2019\u00e9cosyst\u00e8mes locaux \u00bb"}]},{"@type":"WebSite","@id":"https:\/\/beauxarts-cie.com\/consulting\/#website","url":"https:\/\/beauxarts-cie.com\/consulting\/","name":"Beaux Arts Consulting","description":"Conseil en strat\u00e9gie, innovation et ing\u00e9nierie culturelle","potentialAction":[{"@type":"SearchAction","target":{"@type":"EntryPoint","urlTemplate":"https:\/\/beauxarts-cie.com\/consulting\/?s={search_term_string}"},"query-input":"required name=search_term_string"}],"inLanguage":"fr-FR"}]}},"_links":{"self":[{"href":"https:\/\/beauxarts-cie.com\/consulting\/wp-json\/wp\/v2\/pages\/1457"}],"collection":[{"href":"https:\/\/beauxarts-cie.com\/consulting\/wp-json\/wp\/v2\/pages"}],"about":[{"href":"https:\/\/beauxarts-cie.com\/consulting\/wp-json\/wp\/v2\/types\/page"}],"author":[{"embeddable":true,"href":"https:\/\/beauxarts-cie.com\/consulting\/wp-json\/wp\/v2\/users\/12"}],"replies":[{"embeddable":true,"href":"https:\/\/beauxarts-cie.com\/consulting\/wp-json\/wp\/v2\/comments?post=1457"}],"version-history":[{"count":2,"href":"https:\/\/beauxarts-cie.com\/consulting\/wp-json\/wp\/v2\/pages\/1457\/revisions"}],"predecessor-version":[{"id":1478,"href":"https:\/\/beauxarts-cie.com\/consulting\/wp-json\/wp\/v2\/pages\/1457\/revisions\/1478"}],"up":[{"embeddable":true,"href":"https:\/\/beauxarts-cie.com\/consulting\/wp-json\/wp\/v2\/pages\/49"}],"wp:featuredmedia":[{"embeddable":true,"href":"https:\/\/beauxarts-cie.com\/consulting\/wp-json\/wp\/v2\/media\/1458"}],"wp:attachment":[{"href":"https:\/\/beauxarts-cie.com\/consulting\/wp-json\/wp\/v2\/media?parent=1457"}],"curies":[{"name":"wp","href":"https:\/\/api.w.org\/{rel}","templated":true}]}}