{"id":507,"date":"2021-11-17T12:14:46","date_gmt":"2021-11-17T11:14:46","guid":{"rendered":"https:\/\/beauxarts-cie.com\/consulting\/?page_id=507"},"modified":"2024-07-16T10:28:48","modified_gmt":"2024-07-16T08:28:48","slug":"hangar-y","status":"publish","type":"page","link":"https:\/\/beauxarts-cie.com\/consulting\/projets\/hangar-y\/","title":{"rendered":"D\u00e9finition du positionnement culturel et de l\u2019exp\u00e9rience-visiteur dans le cadre de la r\u00e9habilitation d\u2019un ancien hangar \u00e0 dirigeables"},"content":{"rendered":"\n<div class=\"wp-block-columns refId\">\n<div class=\"wp-block-column\">\n<h2 class=\"has-text-align-left\">Client : Culture et Patrimoine<\/h2>\n<\/div>\n\n\n\n<div class=\"wp-block-column\">\n<p>2021<br>Positionnement strat\u00e9gique, mod\u00e9lisation \u00e9conomique<\/p>\n<\/div>\n<\/div>\n\n\n\n<p>D\u00e9finition du projet culturel dans le cadre de la r\u00e9habilitation du premier hangar \u00e0 dirigeables construit pour l\u2019exposition universelle de 1878, int\u00e9grant une forte dimension culturelle et \u00e9v\u00e9nementielle.<\/p>\n\n\n\n<p><strong>Le contexte et ses enjeux :<\/strong><\/p>\n\n\n\n<p>Le Hangar Y est le premier hangar \u00e0 dirigeables construit pour l\u2019exposition universelle de 1878, situ\u00e9 au sein d\u2019un parc de 10 ha en for\u00eat de Meudon. Sous l\u2019\u00e9gide d\u2019ArtNova et de Culture &amp; Patrimoine, il a \u00e9t\u00e9 r\u00e9habilit\u00e9 pour devenir un lieu culturel et \u00e9v\u00e9nementiel autour des arts, des sciences et de la nature. Beaux Arts Consulting a \u00e9t\u00e9 mandat\u00e9 pour d\u00e9finir le projet d\u2019exploitation du site, sa programmation et son offre de services (expositions, restauration, exp\u00e9rience immersive, etc.) et pour d\u00e9finir l\u2019exp\u00e9rience visiteurs pour le lieu.<\/p>\n\n\n\n<p><strong>Notre r\u00f4le :<\/strong><\/p>\n\n\n\n<p>Beaux Arts Consulting accompagne le Hangar Y dans la d\u00e9finition de son positionnement culturel, de ses activit\u00e9s et de son exp\u00e9rience-visiteur : <\/p>\n\n\n\n<ul><li>Conception du projet culturel et de l\u2019offre de loisirs du site,<\/li><li>\u00c9laboration du mod\u00e8le \u00e9conomique global et du business plan de l\u2019exploitation sur 10 ans,<\/li><li>Identification des op\u00e9rateurs susceptibles d\u2019exploiter les activit\u00e9s retenues ,<\/li><li>S\u00e9lection des architectes et sc\u00e9nographes,<\/li><li>Pilotage de la production des contenus et d\u2019une exp\u00e9rience XR\/VR,<\/li><li>Guide de formation pour les agents d\u2019accueil du site \u2022Suivi de la contractualisation avec une entreprise de billetterie.<\/li><\/ul>\n\n\n\n<p><strong>Retomb\u00e9es et suites : <\/strong><\/p>\n\n\n\n<p>L&rsquo;accompagnement de Beaux Arts Consulting dans le cadre de cette mission pluriannuelle contribue \u00e0 faire revivre le patrimoine et l\u2019histoire du Hangar Y en cr\u00e9ant un lieu de destination, o\u00f9 se c\u00f4toie une grande mixit\u00e9 d\u2019usages (culturels, de loisir, \u00e9venementiels), en lien les autres sites culturels de la ville de Meudon et permettant d\u2019animer le territoire. Les \u00e9quipes de Beaux Arts Consulting ont notamment accompagn\u00e9 la production d\u2019une exp\u00e9rience en r\u00e9alit\u00e9 augment\u00e9e permettant de r\u00e9pondre \u00e0 l\u2019enjeu de faire cohabiter des usages \u00e9v\u00e8nementiels n\u00e9cessitant de grands espaces avec le parcours de visite et de faire revivre au Grand Public l\u2019histoire du site.<\/p>\n","protected":false},"excerpt":{"rendered":"<p>Client : Culture et Patrimoine 2021Positionnement strat\u00e9gique, mod\u00e9lisation \u00e9conomique D\u00e9finition du projet culturel dans le cadre de la r\u00e9habilitation du premier hangar \u00e0 dirigeables construit pour l\u2019exposition universelle de 1878, int\u00e9grant une forte dimension culturelle et \u00e9v\u00e9nementielle. Le contexte et ses enjeux : Le Hangar Y est le premier hangar \u00e0 dirigeables construit pour l\u2019exposition [&hellip;]<\/p>\n","protected":false},"author":12,"featured_media":1087,"parent":49,"menu_order":0,"comment_status":"closed","ping_status":"closed","template":"tpl-page-child-reference.php","meta":[],"yoast_head":"<!-- This site is optimized with the Yoast SEO plugin v19.11 - https:\/\/yoast.com\/wordpress\/plugins\/seo\/ -->\n<title>D\u00e9finition du positionnement culturel et de l\u2019exp\u00e9rience-visiteur dans le cadre de la r\u00e9habilitation d\u2019un ancien hangar \u00e0 dirigeables - Beaux Arts Consulting<\/title>\n<meta name=\"robots\" content=\"index, follow, max-snippet:-1, max-image-preview:large, max-video-preview:-1\" \/>\n<link rel=\"canonical\" href=\"https:\/\/beauxarts-cie.com\/consulting\/projets\/hangar-y\/\" \/>\n<meta property=\"og:locale\" content=\"fr_FR\" \/>\n<meta property=\"og:type\" content=\"article\" \/>\n<meta property=\"og:title\" content=\"D\u00e9finition du positionnement culturel et de l\u2019exp\u00e9rience-visiteur dans le cadre de la r\u00e9habilitation d\u2019un ancien hangar \u00e0 dirigeables - Beaux Arts Consulting\" \/>\n<meta property=\"og:description\" content=\"Client : Culture et Patrimoine 2021Positionnement strat\u00e9gique, mod\u00e9lisation \u00e9conomique D\u00e9finition du projet culturel dans le cadre de la r\u00e9habilitation du premier hangar \u00e0 dirigeables construit pour l\u2019exposition universelle de 1878, int\u00e9grant une forte dimension culturelle et \u00e9v\u00e9nementielle. Le contexte et ses enjeux : Le Hangar Y est le premier hangar \u00e0 dirigeables construit pour l\u2019exposition [&hellip;]\" \/>\n<meta property=\"og:url\" content=\"https:\/\/beauxarts-cie.com\/consulting\/projets\/hangar-y\/\" \/>\n<meta property=\"og:site_name\" content=\"Beaux Arts Consulting\" \/>\n<meta property=\"article:modified_time\" content=\"2024-07-16T08:28:48+00:00\" \/>\n<meta property=\"og:image\" content=\"https:\/\/beauxarts-cie.com\/consulting\/wp-content\/uploads\/sites\/3\/2024\/04\/IMG_20230331_093850-scaled.jpg\" \/>\n\t<meta property=\"og:image:width\" content=\"2560\" \/>\n\t<meta property=\"og:image:height\" content=\"1440\" \/>\n\t<meta property=\"og:image:type\" content=\"image\/jpeg\" \/>\n<meta name=\"twitter:card\" content=\"summary_large_image\" \/>\n<meta name=\"twitter:label1\" content=\"Dur\u00e9e de lecture estim\u00e9e\" \/>\n\t<meta name=\"twitter:data1\" content=\"2 minutes\" \/>\n<script type=\"application\/ld+json\" class=\"yoast-schema-graph\">{\"@context\":\"https:\/\/schema.org\",\"@graph\":[{\"@type\":\"WebPage\",\"@id\":\"https:\/\/beauxarts-cie.com\/consulting\/projets\/hangar-y\/\",\"url\":\"https:\/\/beauxarts-cie.com\/consulting\/projets\/hangar-y\/\",\"name\":\"D\u00e9finition du positionnement culturel et de l\u2019exp\u00e9rience-visiteur dans le cadre de la r\u00e9habilitation d\u2019un ancien hangar \u00e0 dirigeables - Beaux Arts Consulting\",\"isPartOf\":{\"@id\":\"https:\/\/beauxarts-cie.com\/consulting\/#website\"},\"datePublished\":\"2021-11-17T11:14:46+00:00\",\"dateModified\":\"2024-07-16T08:28:48+00:00\",\"breadcrumb\":{\"@id\":\"https:\/\/beauxarts-cie.com\/consulting\/projets\/hangar-y\/#breadcrumb\"},\"inLanguage\":\"fr-FR\",\"potentialAction\":[{\"@type\":\"ReadAction\",\"target\":[\"https:\/\/beauxarts-cie.com\/consulting\/projets\/hangar-y\/\"]}]},{\"@type\":\"BreadcrumbList\",\"@id\":\"https:\/\/beauxarts-cie.com\/consulting\/projets\/hangar-y\/#breadcrumb\",\"itemListElement\":[{\"@type\":\"ListItem\",\"position\":1,\"name\":\"Projets\",\"item\":\"https:\/\/beauxarts-cie.com\/consulting\/projets\/\"},{\"@type\":\"ListItem\",\"position\":2,\"name\":\"D\u00e9finition du positionnement culturel et de l\u2019exp\u00e9rience-visiteur dans le cadre de la r\u00e9habilitation d\u2019un ancien hangar \u00e0 dirigeables\"}]},{\"@type\":\"WebSite\",\"@id\":\"https:\/\/beauxarts-cie.com\/consulting\/#website\",\"url\":\"https:\/\/beauxarts-cie.com\/consulting\/\",\"name\":\"Beaux Arts Consulting\",\"description\":\"Conseil en strat\u00e9gie, innovation et ing\u00e9nierie culturelle\",\"potentialAction\":[{\"@type\":\"SearchAction\",\"target\":{\"@type\":\"EntryPoint\",\"urlTemplate\":\"https:\/\/beauxarts-cie.com\/consulting\/?s={search_term_string}\"},\"query-input\":\"required name=search_term_string\"}],\"inLanguage\":\"fr-FR\"}]}<\/script>\n<!-- \/ Yoast SEO plugin. -->","yoast_head_json":{"title":"D\u00e9finition du positionnement culturel et de l\u2019exp\u00e9rience-visiteur dans le cadre de la r\u00e9habilitation d\u2019un ancien hangar \u00e0 dirigeables - Beaux Arts Consulting","robots":{"index":"index","follow":"follow","max-snippet":"max-snippet:-1","max-image-preview":"max-image-preview:large","max-video-preview":"max-video-preview:-1"},"canonical":"https:\/\/beauxarts-cie.com\/consulting\/projets\/hangar-y\/","og_locale":"fr_FR","og_type":"article","og_title":"D\u00e9finition du positionnement culturel et de l\u2019exp\u00e9rience-visiteur dans le cadre de la r\u00e9habilitation d\u2019un ancien hangar \u00e0 dirigeables - Beaux Arts Consulting","og_description":"Client : Culture et Patrimoine 2021Positionnement strat\u00e9gique, mod\u00e9lisation \u00e9conomique D\u00e9finition du projet culturel dans le cadre de la r\u00e9habilitation du premier hangar \u00e0 dirigeables construit pour l\u2019exposition universelle de 1878, int\u00e9grant une forte dimension culturelle et \u00e9v\u00e9nementielle. Le contexte et ses enjeux : Le Hangar Y est le premier hangar \u00e0 dirigeables construit pour l\u2019exposition [&hellip;]","og_url":"https:\/\/beauxarts-cie.com\/consulting\/projets\/hangar-y\/","og_site_name":"Beaux Arts Consulting","article_modified_time":"2024-07-16T08:28:48+00:00","og_image":[{"width":2560,"height":1440,"url":"https:\/\/beauxarts-cie.com\/consulting\/wp-content\/uploads\/sites\/3\/2024\/04\/IMG_20230331_093850-scaled.jpg","type":"image\/jpeg"}],"twitter_card":"summary_large_image","twitter_misc":{"Dur\u00e9e de lecture estim\u00e9e":"2 minutes"},"schema":{"@context":"https:\/\/schema.org","@graph":[{"@type":"WebPage","@id":"https:\/\/beauxarts-cie.com\/consulting\/projets\/hangar-y\/","url":"https:\/\/beauxarts-cie.com\/consulting\/projets\/hangar-y\/","name":"D\u00e9finition du positionnement culturel et de l\u2019exp\u00e9rience-visiteur dans le cadre de la r\u00e9habilitation d\u2019un ancien hangar \u00e0 dirigeables - Beaux Arts Consulting","isPartOf":{"@id":"https:\/\/beauxarts-cie.com\/consulting\/#website"},"datePublished":"2021-11-17T11:14:46+00:00","dateModified":"2024-07-16T08:28:48+00:00","breadcrumb":{"@id":"https:\/\/beauxarts-cie.com\/consulting\/projets\/hangar-y\/#breadcrumb"},"inLanguage":"fr-FR","potentialAction":[{"@type":"ReadAction","target":["https:\/\/beauxarts-cie.com\/consulting\/projets\/hangar-y\/"]}]},{"@type":"BreadcrumbList","@id":"https:\/\/beauxarts-cie.com\/consulting\/projets\/hangar-y\/#breadcrumb","itemListElement":[{"@type":"ListItem","position":1,"name":"Projets","item":"https:\/\/beauxarts-cie.com\/consulting\/projets\/"},{"@type":"ListItem","position":2,"name":"D\u00e9finition du positionnement culturel et de l\u2019exp\u00e9rience-visiteur dans le cadre de la r\u00e9habilitation d\u2019un ancien hangar \u00e0 dirigeables"}]},{"@type":"WebSite","@id":"https:\/\/beauxarts-cie.com\/consulting\/#website","url":"https:\/\/beauxarts-cie.com\/consulting\/","name":"Beaux Arts Consulting","description":"Conseil en strat\u00e9gie, innovation et ing\u00e9nierie culturelle","potentialAction":[{"@type":"SearchAction","target":{"@type":"EntryPoint","urlTemplate":"https:\/\/beauxarts-cie.com\/consulting\/?s={search_term_string}"},"query-input":"required name=search_term_string"}],"inLanguage":"fr-FR"}]}},"_links":{"self":[{"href":"https:\/\/beauxarts-cie.com\/consulting\/wp-json\/wp\/v2\/pages\/507"}],"collection":[{"href":"https:\/\/beauxarts-cie.com\/consulting\/wp-json\/wp\/v2\/pages"}],"about":[{"href":"https:\/\/beauxarts-cie.com\/consulting\/wp-json\/wp\/v2\/types\/page"}],"author":[{"embeddable":true,"href":"https:\/\/beauxarts-cie.com\/consulting\/wp-json\/wp\/v2\/users\/12"}],"replies":[{"embeddable":true,"href":"https:\/\/beauxarts-cie.com\/consulting\/wp-json\/wp\/v2\/comments?post=507"}],"version-history":[{"count":6,"href":"https:\/\/beauxarts-cie.com\/consulting\/wp-json\/wp\/v2\/pages\/507\/revisions"}],"predecessor-version":[{"id":1439,"href":"https:\/\/beauxarts-cie.com\/consulting\/wp-json\/wp\/v2\/pages\/507\/revisions\/1439"}],"up":[{"embeddable":true,"href":"https:\/\/beauxarts-cie.com\/consulting\/wp-json\/wp\/v2\/pages\/49"}],"wp:featuredmedia":[{"embeddable":true,"href":"https:\/\/beauxarts-cie.com\/consulting\/wp-json\/wp\/v2\/media\/1087"}],"wp:attachment":[{"href":"https:\/\/beauxarts-cie.com\/consulting\/wp-json\/wp\/v2\/media?parent=507"}],"curies":[{"name":"wp","href":"https:\/\/api.w.org\/{rel}","templated":true}]}}