{"id":530,"date":"2021-11-17T12:40:04","date_gmt":"2021-11-17T11:40:04","guid":{"rendered":"https:\/\/beauxarts-cie.com\/consulting\/?page_id=530"},"modified":"2024-07-16T10:23:46","modified_gmt":"2024-07-16T08:23:46","slug":"philharmonie-des-enfants-2","status":"publish","type":"page","link":"https:\/\/beauxarts-cie.com\/consulting\/projets\/philharmonie-des-enfants-2\/","title":{"rendered":"Co-construction du mod\u00e8le \u00e9conomique et du business plan de la Philharmonie des enfants"},"content":{"rendered":"\n<div class=\"wp-block-columns refId\">\n<div class=\"wp-block-column\">\n<h2 class=\"has-text-align-left\">Client : Philharmonie de Paris \u2013 Cit\u00e9 de la Musique<\/h2>\n<\/div>\n\n\n\n<div class=\"wp-block-column\">\n<p>2018-2020<br>Mod\u00e9lisation \u00e9conomique<\/p>\n<\/div>\n<\/div>\n\n\n\n<p><strong>Le contexte et ses enjeux :<\/strong><\/p>\n\n\n\n<p>En vue de la cr\u00e9ation de la Philharmonie des enfants, filiale de la Philharmonie de Paris et nouvel espace mus\u00e9al ludo-\u00e9ducatif, l\u2019institution a souhait\u00e9 \u00eatre accompagn\u00e9 dans la constitution du dossier de candidature \u00e0 l\u2019AMI \u00ab\u00a0Culture Patrimoine et Num\u00e9rique\u00a0\u00bb dans le cadre du Programme d\u2019Investissements d\u2019Avenir.<\/p>\n\n\n\n<p><strong>Notre r\u00f4le :<\/strong><\/p>\n\n\n\n<p>Beaux Arts Consulting a aid\u00e9 \u00e0 la co-construction du mod\u00e8le \u00e9conomique de la Philharmonie des enfants et \u00e0 la cr\u00e9ation d\u2019un Business Plan pour le d\u00e9veloppement de ce nouvel espace mus\u00e9al : <\/p>\n\n\n\n<ul><li>Identification des principales hypoth\u00e8ses \u00e9conomiques du projet lors d\u2019ateliers de co-construction, comprenant la fr\u00e9quentation, les sources de revenus et les principaux co\u00fbts,<\/li><li>Construction d\u2019un mod\u00e8le financier intelligible et simple d\u2019utilisation pr\u00e9sentant tous les r\u00e9sultats financiers et \u00e9conomiques projet\u00e9s sur 15 ans,<\/li><li>Formalisation du dossier pour la constitution de la soci\u00e9t\u00e9 de projet et son plan de financement<\/li><\/ul>\n\n\n\n<p><strong>Retomb\u00e9es et suites :<\/strong><\/p>\n\n\n\n<p>Ce travail de mod\u00e9lisation \u00e9conomique et de formalisation effectu\u00e9 par l\u2019\u00e9quipe de Beaux Arts Consulting a permis \u00e0 la Philharmonie d\u2019obtenir de la Caisse des D\u00e9p\u00f4ts et Consignations les fonds suffisants pour mener \u00e0 bien son projet. Aujourd\u2019hui, suite au succ\u00e8s de son ouverture \u00e0 Paris, la Philharmonie des enfants envisage l\u2019export de ses activit\u00e9s en France et \u00e0 l\u2019international.<\/p>\n","protected":false},"excerpt":{"rendered":"<p>Client : Philharmonie de Paris \u2013 Cit\u00e9 de la Musique 2018-2020Mod\u00e9lisation \u00e9conomique Le contexte et ses enjeux : En vue de la cr\u00e9ation de la Philharmonie des enfants, filiale de la Philharmonie de Paris et nouvel espace mus\u00e9al ludo-\u00e9ducatif, l\u2019institution a souhait\u00e9 \u00eatre accompagn\u00e9 dans la constitution du dossier de candidature \u00e0 l\u2019AMI \u00ab\u00a0Culture Patrimoine [&hellip;]<\/p>\n","protected":false},"author":12,"featured_media":991,"parent":49,"menu_order":0,"comment_status":"closed","ping_status":"closed","template":"tpl-page-child-reference.php","meta":[],"yoast_head":"<!-- This site is optimized with the Yoast SEO plugin v19.11 - https:\/\/yoast.com\/wordpress\/plugins\/seo\/ -->\n<title>Co-construction du mod\u00e8le \u00e9conomique et du business plan de la Philharmonie des enfants - Beaux Arts Consulting<\/title>\n<meta name=\"robots\" content=\"index, follow, max-snippet:-1, max-image-preview:large, max-video-preview:-1\" \/>\n<link rel=\"canonical\" href=\"https:\/\/beauxarts-cie.com\/consulting\/projets\/philharmonie-des-enfants-2\/\" \/>\n<meta property=\"og:locale\" content=\"fr_FR\" \/>\n<meta property=\"og:type\" content=\"article\" \/>\n<meta property=\"og:title\" content=\"Co-construction du mod\u00e8le \u00e9conomique et du business plan de la Philharmonie des enfants - Beaux Arts Consulting\" \/>\n<meta property=\"og:description\" content=\"Client : Philharmonie de Paris \u2013 Cit\u00e9 de la Musique 2018-2020Mod\u00e9lisation \u00e9conomique Le contexte et ses enjeux : En vue de la cr\u00e9ation de la Philharmonie des enfants, filiale de la Philharmonie de Paris et nouvel espace mus\u00e9al ludo-\u00e9ducatif, l\u2019institution a souhait\u00e9 \u00eatre accompagn\u00e9 dans la constitution du dossier de candidature \u00e0 l\u2019AMI \u00ab\u00a0Culture Patrimoine [&hellip;]\" \/>\n<meta property=\"og:url\" content=\"https:\/\/beauxarts-cie.com\/consulting\/projets\/philharmonie-des-enfants-2\/\" \/>\n<meta property=\"og:site_name\" content=\"Beaux Arts Consulting\" \/>\n<meta property=\"article:modified_time\" content=\"2024-07-16T08:23:46+00:00\" \/>\n<meta property=\"og:image\" content=\"https:\/\/beauxarts-cie.com\/consulting\/wp-content\/uploads\/sites\/3\/2024\/04\/philharmonie-enfants-En-scene-Maestra-maestro-\u00a9-Constance-Guisset-Studio-scaled-1.jpg\" \/>\n\t<meta property=\"og:image:width\" content=\"2560\" \/>\n\t<meta property=\"og:image:height\" content=\"1920\" \/>\n\t<meta property=\"og:image:type\" content=\"image\/jpeg\" \/>\n<meta name=\"twitter:card\" content=\"summary_large_image\" \/>\n<meta name=\"twitter:label1\" content=\"Dur\u00e9e de lecture estim\u00e9e\" \/>\n\t<meta name=\"twitter:data1\" content=\"2 minutes\" \/>\n<script type=\"application\/ld+json\" class=\"yoast-schema-graph\">{\"@context\":\"https:\/\/schema.org\",\"@graph\":[{\"@type\":\"WebPage\",\"@id\":\"https:\/\/beauxarts-cie.com\/consulting\/projets\/philharmonie-des-enfants-2\/\",\"url\":\"https:\/\/beauxarts-cie.com\/consulting\/projets\/philharmonie-des-enfants-2\/\",\"name\":\"Co-construction du mod\u00e8le \u00e9conomique et du business plan de la Philharmonie des enfants - Beaux Arts Consulting\",\"isPartOf\":{\"@id\":\"https:\/\/beauxarts-cie.com\/consulting\/#website\"},\"datePublished\":\"2021-11-17T11:40:04+00:00\",\"dateModified\":\"2024-07-16T08:23:46+00:00\",\"breadcrumb\":{\"@id\":\"https:\/\/beauxarts-cie.com\/consulting\/projets\/philharmonie-des-enfants-2\/#breadcrumb\"},\"inLanguage\":\"fr-FR\",\"potentialAction\":[{\"@type\":\"ReadAction\",\"target\":[\"https:\/\/beauxarts-cie.com\/consulting\/projets\/philharmonie-des-enfants-2\/\"]}]},{\"@type\":\"BreadcrumbList\",\"@id\":\"https:\/\/beauxarts-cie.com\/consulting\/projets\/philharmonie-des-enfants-2\/#breadcrumb\",\"itemListElement\":[{\"@type\":\"ListItem\",\"position\":1,\"name\":\"Projets\",\"item\":\"https:\/\/beauxarts-cie.com\/consulting\/projets\/\"},{\"@type\":\"ListItem\",\"position\":2,\"name\":\"Co-construction du mod\u00e8le \u00e9conomique et du business plan de la Philharmonie des enfants\"}]},{\"@type\":\"WebSite\",\"@id\":\"https:\/\/beauxarts-cie.com\/consulting\/#website\",\"url\":\"https:\/\/beauxarts-cie.com\/consulting\/\",\"name\":\"Beaux Arts Consulting\",\"description\":\"Conseil en strat\u00e9gie, innovation et ing\u00e9nierie culturelle\",\"potentialAction\":[{\"@type\":\"SearchAction\",\"target\":{\"@type\":\"EntryPoint\",\"urlTemplate\":\"https:\/\/beauxarts-cie.com\/consulting\/?s={search_term_string}\"},\"query-input\":\"required name=search_term_string\"}],\"inLanguage\":\"fr-FR\"}]}<\/script>\n<!-- \/ Yoast SEO plugin. -->","yoast_head_json":{"title":"Co-construction du mod\u00e8le \u00e9conomique et du business plan de la Philharmonie des enfants - Beaux Arts Consulting","robots":{"index":"index","follow":"follow","max-snippet":"max-snippet:-1","max-image-preview":"max-image-preview:large","max-video-preview":"max-video-preview:-1"},"canonical":"https:\/\/beauxarts-cie.com\/consulting\/projets\/philharmonie-des-enfants-2\/","og_locale":"fr_FR","og_type":"article","og_title":"Co-construction du mod\u00e8le \u00e9conomique et du business plan de la Philharmonie des enfants - Beaux Arts Consulting","og_description":"Client : Philharmonie de Paris \u2013 Cit\u00e9 de la Musique 2018-2020Mod\u00e9lisation \u00e9conomique Le contexte et ses enjeux : En vue de la cr\u00e9ation de la Philharmonie des enfants, filiale de la Philharmonie de Paris et nouvel espace mus\u00e9al ludo-\u00e9ducatif, l\u2019institution a souhait\u00e9 \u00eatre accompagn\u00e9 dans la constitution du dossier de candidature \u00e0 l\u2019AMI \u00ab\u00a0Culture Patrimoine [&hellip;]","og_url":"https:\/\/beauxarts-cie.com\/consulting\/projets\/philharmonie-des-enfants-2\/","og_site_name":"Beaux Arts Consulting","article_modified_time":"2024-07-16T08:23:46+00:00","og_image":[{"width":2560,"height":1920,"url":"https:\/\/beauxarts-cie.com\/consulting\/wp-content\/uploads\/sites\/3\/2024\/04\/philharmonie-enfants-En-scene-Maestra-maestro-\u00a9-Constance-Guisset-Studio-scaled-1.jpg","type":"image\/jpeg"}],"twitter_card":"summary_large_image","twitter_misc":{"Dur\u00e9e de lecture estim\u00e9e":"2 minutes"},"schema":{"@context":"https:\/\/schema.org","@graph":[{"@type":"WebPage","@id":"https:\/\/beauxarts-cie.com\/consulting\/projets\/philharmonie-des-enfants-2\/","url":"https:\/\/beauxarts-cie.com\/consulting\/projets\/philharmonie-des-enfants-2\/","name":"Co-construction du mod\u00e8le \u00e9conomique et du business plan de la Philharmonie des enfants - Beaux Arts Consulting","isPartOf":{"@id":"https:\/\/beauxarts-cie.com\/consulting\/#website"},"datePublished":"2021-11-17T11:40:04+00:00","dateModified":"2024-07-16T08:23:46+00:00","breadcrumb":{"@id":"https:\/\/beauxarts-cie.com\/consulting\/projets\/philharmonie-des-enfants-2\/#breadcrumb"},"inLanguage":"fr-FR","potentialAction":[{"@type":"ReadAction","target":["https:\/\/beauxarts-cie.com\/consulting\/projets\/philharmonie-des-enfants-2\/"]}]},{"@type":"BreadcrumbList","@id":"https:\/\/beauxarts-cie.com\/consulting\/projets\/philharmonie-des-enfants-2\/#breadcrumb","itemListElement":[{"@type":"ListItem","position":1,"name":"Projets","item":"https:\/\/beauxarts-cie.com\/consulting\/projets\/"},{"@type":"ListItem","position":2,"name":"Co-construction du mod\u00e8le \u00e9conomique et du business plan de la Philharmonie des enfants"}]},{"@type":"WebSite","@id":"https:\/\/beauxarts-cie.com\/consulting\/#website","url":"https:\/\/beauxarts-cie.com\/consulting\/","name":"Beaux Arts Consulting","description":"Conseil en strat\u00e9gie, innovation et ing\u00e9nierie culturelle","potentialAction":[{"@type":"SearchAction","target":{"@type":"EntryPoint","urlTemplate":"https:\/\/beauxarts-cie.com\/consulting\/?s={search_term_string}"},"query-input":"required name=search_term_string"}],"inLanguage":"fr-FR"}]}},"_links":{"self":[{"href":"https:\/\/beauxarts-cie.com\/consulting\/wp-json\/wp\/v2\/pages\/530"}],"collection":[{"href":"https:\/\/beauxarts-cie.com\/consulting\/wp-json\/wp\/v2\/pages"}],"about":[{"href":"https:\/\/beauxarts-cie.com\/consulting\/wp-json\/wp\/v2\/types\/page"}],"author":[{"embeddable":true,"href":"https:\/\/beauxarts-cie.com\/consulting\/wp-json\/wp\/v2\/users\/12"}],"replies":[{"embeddable":true,"href":"https:\/\/beauxarts-cie.com\/consulting\/wp-json\/wp\/v2\/comments?post=530"}],"version-history":[{"count":6,"href":"https:\/\/beauxarts-cie.com\/consulting\/wp-json\/wp\/v2\/pages\/530\/revisions"}],"predecessor-version":[{"id":1435,"href":"https:\/\/beauxarts-cie.com\/consulting\/wp-json\/wp\/v2\/pages\/530\/revisions\/1435"}],"up":[{"embeddable":true,"href":"https:\/\/beauxarts-cie.com\/consulting\/wp-json\/wp\/v2\/pages\/49"}],"wp:featuredmedia":[{"embeddable":true,"href":"https:\/\/beauxarts-cie.com\/consulting\/wp-json\/wp\/v2\/media\/991"}],"wp:attachment":[{"href":"https:\/\/beauxarts-cie.com\/consulting\/wp-json\/wp\/v2\/media?parent=530"}],"curies":[{"name":"wp","href":"https:\/\/api.w.org\/{rel}","templated":true}]}}