{"id":991,"date":"2024-05-02T16:26:59","date_gmt":"2024-05-02T14:26:59","guid":{"rendered":"https:\/\/beauxarts-cie.com\/institute\/?page_id=991"},"modified":"2024-12-04T10:03:20","modified_gmt":"2024-12-04T09:03:20","slug":"equipe","status":"publish","type":"page","link":"https:\/\/beauxarts-cie.com\/institute\/equipe\/","title":{"rendered":"Equipe"},"content":{"rendered":"\n<p class=\"has-text-align-center has-large-font-size\"><strong><strong>NOTRE<\/strong><\/strong> <strong>\u00c9QUIPE<\/strong><\/p>\n\n\n\n<p class=\"has-text-align-center has-text-color\" style=\"color:#007fa3;font-size:24px\"><strong>Une \u00e9quipe d\u2019experts aux parcours vari\u00e9s et aux comp\u00e9tences compl\u00e9mentaires<\/strong><\/p>\n\n\n\n<div class=\"wp-container-46 wp-block-group equipeContainer\"><div class=\"wp-block-group__inner-container\">\n<div class=\"wp-container-5 wp-block-group equipeBio\"><div class=\"wp-block-group__inner-container\">\n<div class=\"wp-container-3 wp-block-group visibleBio\"><div class=\"wp-block-group__inner-container\">\n<figure class=\"wp-duotone-000000-ffffff-1 wp-block-image size-large\"><img loading=\"lazy\" width=\"756\" height=\"1024\" src=\"https:\/\/beauxarts-cie.com\/institute\/wp-content\/uploads\/sites\/2\/2023\/01\/Solenne-Blanc-ARTNOVA-BEAUX-ARTS2-756x1024.jpg\" alt=\"\" class=\"wp-image-838\" srcset=\"https:\/\/beauxarts-cie.com\/institute\/wp-content\/uploads\/sites\/2\/2023\/01\/Solenne-Blanc-ARTNOVA-BEAUX-ARTS2-756x1024.jpg 756w, https:\/\/beauxarts-cie.com\/institute\/wp-content\/uploads\/sites\/2\/2023\/01\/Solenne-Blanc-ARTNOVA-BEAUX-ARTS2-222x300.jpg 222w, https:\/\/beauxarts-cie.com\/institute\/wp-content\/uploads\/sites\/2\/2023\/01\/Solenne-Blanc-ARTNOVA-BEAUX-ARTS2-768x1040.jpg 768w, https:\/\/beauxarts-cie.com\/institute\/wp-content\/uploads\/sites\/2\/2023\/01\/Solenne-Blanc-ARTNOVA-BEAUX-ARTS2-1134x1536.jpg 1134w, https:\/\/beauxarts-cie.com\/institute\/wp-content\/uploads\/sites\/2\/2023\/01\/Solenne-Blanc-ARTNOVA-BEAUX-ARTS2.jpg 1502w\" sizes=\"(max-width: 756px) 100vw, 756px\" \/><\/figure>\n\n\n\n<div class=\"wp-container-2 wp-block-group visibleBioContent\"><div class=\"wp-block-group__inner-container\">\n<h3>Solenne BLANC,<\/h3>\n\n\n\n<p>Directrice G\u00e9n\u00e9rale de Beaux Arts &amp; Cie<\/p>\n<\/div><\/div>\n<\/div><\/div>\n\n\n\n<div class=\"wp-container-4 wp-block-group hiddenBio\"><div class=\"wp-block-group__inner-container\">\n<h4>Solenne BLANC,<\/h4>\n\n\n\n<p class=\"subtitle\">Directrice G\u00e9n\u00e9rale de Beaux Arts &amp; Cie<\/p>\n\n\n\n<p>Dipl\u00f4m\u00e9e de l\u2019ESSEC, Solenne a un parcours de 25 ans dans le conseil et l\u2019entrepreneuriat pour la culture et les m\u00e9dias : conseil en innovation dans le secteur audiovisuel (Canal+, M6, Radio France\u2026), d\u00e9veloppement de TheatreOnline, Associ\u00e9e de Greenwich Consulting puis d\u2019EY en charge des missions de strat\u00e9gie et \u00e9tudes de r\u00e9f\u00e9rence du secteur des Industries Culturelles et Cr\u00e9atives. Elle accompagne avec Beaux Arts Institute de nombreux projets culturels pour des acteurs priv\u00e9s comme publics. <\/p>\n\n\n\n<p>Elle est \u00e9galement DG du fonds d\u2019investissement \u00e0 impact <a href=\"https:\/\/artnova.fr\/\" target=\"_blank\" rel=\"noreferrer noopener\">ArtNova<\/a>, d\u00e9di\u00e9 \u00e0 l\u2019innovation dans les ICC.<\/p>\n<\/div><\/div>\n<\/div><\/div>\n\n\n\n<div class=\"wp-container-10 wp-block-group equipeBio\"><div class=\"wp-block-group__inner-container\">\n<div class=\"wp-container-8 wp-block-group visibleBio\"><div class=\"wp-block-group__inner-container\">\n<figure class=\"wp-duotone-000000-ffffff-6 wp-block-image size-large\"><img loading=\"lazy\" width=\"801\" height=\"1024\" src=\"https:\/\/beauxarts-cie.com\/institute\/wp-content\/uploads\/sites\/2\/2023\/01\/AL-portrait-801x1024.jpg\" alt=\"\" class=\"wp-image-836\" srcset=\"https:\/\/beauxarts-cie.com\/institute\/wp-content\/uploads\/sites\/2\/2023\/01\/AL-portrait-801x1024.jpg 801w, https:\/\/beauxarts-cie.com\/institute\/wp-content\/uploads\/sites\/2\/2023\/01\/AL-portrait-235x300.jpg 235w, https:\/\/beauxarts-cie.com\/institute\/wp-content\/uploads\/sites\/2\/2023\/01\/AL-portrait-768x982.jpg 768w, https:\/\/beauxarts-cie.com\/institute\/wp-content\/uploads\/sites\/2\/2023\/01\/AL-portrait-1202x1536.jpg 1202w, https:\/\/beauxarts-cie.com\/institute\/wp-content\/uploads\/sites\/2\/2023\/01\/AL-portrait.jpg 1294w\" sizes=\"(max-width: 801px) 100vw, 801px\" \/><\/figure>\n\n\n\n<div class=\"wp-container-7 wp-block-group visibleBioContent\"><div class=\"wp-block-group__inner-container\">\n<h3>Anne-Laure BEATRIX,<\/h3>\n\n\n\n<p>Directrice de Beaux Arts Institute<\/p>\n<\/div><\/div>\n<\/div><\/div>\n\n\n\n<div class=\"wp-container-9 wp-block-group hiddenBio\"><div class=\"wp-block-group__inner-container\">\n<h4>Anne-Laure B\u00e9atrix,<\/h4>\n\n\n\n<p class=\"subtitle\">Directrice de Beaux Arts Institute<\/p>\n\n\n\n<p>Dipl\u00f4m\u00e9e de Science Po Paris, agr\u00e9g\u00e9e d&rsquo;Histoire, Anne-Laure rejoint le groupe Beaux Arts pour prendre la t\u00eate des \u00e9quipes de Beaux Arts Institute. Depuis ses d\u00e9buts en cabinet minist\u00e9riel, puis en agence de communication, elle passe pr\u00e8s de 12 ans au Mus\u00e9e du Louvre, en charge des relations ext\u00e9rieures et Administratrice g\u00e9n\u00e9rale adjointe : elle y dirige des projets complexes, depuis la strat\u00e9gie de communication de l\u2019ouverture du D\u00e9partement des Arts de l\u2019Islam et de celle du mus\u00e9e du Louvre-Lens, jusqu&rsquo;\u00e0 celle de l\u2019ouverture du Louvre Abu Dhabi. Elle enseigne le management des institutions culturelle \u00e0 Sciences Po Paris et la communication culturelle \u00e0 l\u2019Ecole du Louvre. Elle publie au mois de novembre 2022 aux \u00e9ditions Plon, le <em>Dictionnaire amoureux des mus\u00e9es<\/em>. Elle est Chevalier dans l&rsquo;Ordre National du M\u00e9rite et Chevalier des Arts et lettres.&nbsp;<\/p>\n<\/div><\/div>\n<\/div><\/div>\n\n\n\n<div class=\"wp-container-15 wp-block-group equipeBio openToLeft\"><div class=\"wp-block-group__inner-container\">\n<div class=\"wp-container-13 wp-block-group visibleBio\"><div class=\"wp-block-group__inner-container\">\n<figure class=\"wp-duotone-000000-ffffff-11 wp-block-image size-full\"><img loading=\"lazy\" width=\"497\" height=\"692\" src=\"https:\/\/beauxarts-cie.com\/institute\/wp-content\/uploads\/sites\/2\/2024\/05\/FB-NB.jpg\" alt=\"\" class=\"wp-image-1057\" srcset=\"https:\/\/beauxarts-cie.com\/institute\/wp-content\/uploads\/sites\/2\/2024\/05\/FB-NB.jpg 497w, https:\/\/beauxarts-cie.com\/institute\/wp-content\/uploads\/sites\/2\/2024\/05\/FB-NB-215x300.jpg 215w\" sizes=\"(max-width: 497px) 100vw, 497px\" \/><\/figure>\n\n\n\n<div class=\"wp-container-12 wp-block-group visibleBioContent\"><div class=\"wp-block-group__inner-container\">\n<h3>FABRICE BOUSTEAU,<\/h3>\n\n\n\n<p>Expert en art contemporain et commissaire artistique<\/p>\n<\/div><\/div>\n<\/div><\/div>\n\n\n\n<div class=\"wp-container-14 wp-block-group hiddenBio\"><div class=\"wp-block-group__inner-container\">\n<h4>FABRICE BOUSTEAU,<\/h4>\n\n\n\n<p class=\"subtitle\">Expert en art contemporain et commissaire artistique<\/p>\n\n\n\n<p>R\u00e9dacteur en chef de Beaux Arts Magazine et du Quotidien de l\u2019Art, Fabrice a pr\u00e9c\u00e9demment occup\u00e9 le poste de directeur de projet de l\u2019agence ABCD Ing\u00e9nierie Culturelle lors de sa cr\u00e9ation en 1986. Parcourant le monde \u00e0 la d\u00e9couverte des sc\u00e8nes artistiques en Europe, Asie, Afrique ou Moyen Orient, aussi bien en tant que r\u00e9dacteur en chef qu\u2019en tant que commissaire d\u2019expositions, il a imagin\u00e9 de nombreuses expositions telles que \u00ab&nbsp;Mobile Art&nbsp;\u00bb pour Chanel en 2007 expos\u00e9e \u00e0 Hong-Kong, Tokyo et New-York, \u00ab Paris Delhi-Bombay \u00bb au Centre Pompidou en 2011, \u00ab&nbsp;L\u2019art en Europe \u00bb en 2012 au Domaine Pommery, \u00ab&nbsp;Gateway&nbsp;: (Re)birth&nbsp;\u00bb \u00e0 l\u2019Abu Dhabi Art Fair en 2016 ou encore \u00ab&nbsp;Les Extatiques&nbsp;\u00bb \u00e0 La D\u00e9fense depuis 4 ans. Fabrice apporte son expertise sur les questions de march\u00e9 de l\u2019art et de programmation artistique.<\/p>\n<\/div><\/div>\n<\/div><\/div>\n\n\n\n<div class=\"wp-container-20 wp-block-group equipeBio openToLeft\"><div class=\"wp-block-group__inner-container\">\n<div class=\"wp-container-18 wp-block-group visibleBio\"><div class=\"wp-block-group__inner-container\">\n<figure class=\"wp-duotone-000000-ffffff-16 wp-block-image size-full\"><img loading=\"lazy\" width=\"768\" height=\"1024\" src=\"https:\/\/beauxarts-cie.com\/institute\/wp-content\/uploads\/sites\/2\/2024\/01\/Blanche-de-Lestrange.jpg\" alt=\"\" class=\"wp-image-1019\" srcset=\"https:\/\/beauxarts-cie.com\/institute\/wp-content\/uploads\/sites\/2\/2024\/01\/Blanche-de-Lestrange.jpg 768w, https:\/\/beauxarts-cie.com\/institute\/wp-content\/uploads\/sites\/2\/2024\/01\/Blanche-de-Lestrange-225x300.jpg 225w\" sizes=\"(max-width: 768px) 100vw, 768px\" \/><\/figure>\n\n\n\n<div class=\"wp-container-17 wp-block-group visibleBioContent\"><div class=\"wp-block-group__inner-container\">\n<h3>Blanche DE LESTRANGE,<\/h3>\n\n\n\n<p>Direction artistique et production d\u2019\u00e9v\u00e9nements<\/p>\n<\/div><\/div>\n<\/div><\/div>\n\n\n\n<div class=\"wp-container-19 wp-block-group hiddenBio\"><div class=\"wp-block-group__inner-container\">\n<h4>Blanche DE LESTRANGE,<\/h4>\n\n\n\n<p class=\"subtitle\">Direction artistique et production d\u2019\u00e9v\u00e9nements<\/p>\n\n\n\n<p>Blanche de Lestrange a rejoint en 2020 l\u2019\u00e9quipe de Beaux Arts &amp; Cie en tant que consultante experte dans des missions de programme culturelle et artistique, en parall\u00e8le de sa fonction de directrice artistique pour la fondation Art Explora. Ancienne directrice adjointe de la FIAC et cofondatrice de l\u2019association Thanks for Nothing, elle apporte une forte connaissance du march\u00e9 de l\u2019art contemporain et une expertise dans le d\u00e9veloppement d\u2019\u00e9v\u00e9nements pens\u00e9s dans une d\u00e9marche solidaire.<\/p>\n<\/div><\/div>\n<\/div><\/div>\n\n\n\n<div class=\"wp-container-25 wp-block-group equipeBio\"><div class=\"wp-block-group__inner-container\">\n<div class=\"wp-container-23 wp-block-group visibleBio\"><div class=\"wp-block-group__inner-container\">\n<figure class=\"wp-duotone-000000-ffffff-21 wp-block-image size-large\"><img loading=\"lazy\" width=\"802\" height=\"1024\" src=\"https:\/\/beauxarts-cie.com\/institute\/wp-content\/uploads\/sites\/2\/2024\/05\/Guillaume-Robic-802x1024.jpg\" alt=\"\" class=\"wp-image-1061\" srcset=\"https:\/\/beauxarts-cie.com\/institute\/wp-content\/uploads\/sites\/2\/2024\/05\/Guillaume-Robic-802x1024.jpg 802w, https:\/\/beauxarts-cie.com\/institute\/wp-content\/uploads\/sites\/2\/2024\/05\/Guillaume-Robic-235x300.jpg 235w, https:\/\/beauxarts-cie.com\/institute\/wp-content\/uploads\/sites\/2\/2024\/05\/Guillaume-Robic-768x981.jpg 768w, https:\/\/beauxarts-cie.com\/institute\/wp-content\/uploads\/sites\/2\/2024\/05\/Guillaume-Robic.jpg 938w\" sizes=\"(max-width: 802px) 100vw, 802px\" \/><\/figure>\n\n\n\n<div class=\"wp-container-22 wp-block-group visibleBioContent\"><div class=\"wp-block-group__inner-container\">\n<h3>GUILLAUME ROBIC,<\/h3>\n\n\n\n<p>Consultant<\/p>\n<\/div><\/div>\n<\/div><\/div>\n\n\n\n<div class=\"wp-container-24 wp-block-group hiddenBio\"><div class=\"wp-block-group__inner-container\">\n<h4>GUILLAUME ROBIC,<\/h4>\n\n\n\n<p class=\"subtitle\">Consultant<\/p>\n\n\n\n<p>Dipl\u00f4m\u00e9 de l\u2019\u00c9cole du Louvre, il s\u2019est d\u2019abord forg\u00e9 une solide exp\u00e9rience dans le secteur culturel (Versailles, Louvre, CMN, RMN, Centre Pompidou, Monnaie de Paris) puis dans le secteur du luxe (Chaumet, F\u00e9d\u00e9ration de la Haute Couture et de la Mode dont la Fashion Week) avec des responsabilit\u00e9s globales sur la communication, le d\u00e9veloppement, et les \u00e9v\u00e9nements.<\/p>\n<\/div><\/div>\n<\/div><\/div>\n\n\n\n<div class=\"wp-container-30 wp-block-group equipeBio\"><div class=\"wp-block-group__inner-container\">\n<div class=\"wp-container-28 wp-block-group visibleBio\"><div class=\"wp-block-group__inner-container\">\n<figure class=\"wp-duotone-000000-ffffff-26 wp-block-image size-full\"><img loading=\"lazy\" width=\"768\" height=\"1024\" src=\"https:\/\/beauxarts-cie.com\/institute\/wp-content\/uploads\/sites\/2\/2024\/05\/JS-NB.jpg\" alt=\"\" class=\"wp-image-1064\" srcset=\"https:\/\/beauxarts-cie.com\/institute\/wp-content\/uploads\/sites\/2\/2024\/05\/JS-NB.jpg 768w, https:\/\/beauxarts-cie.com\/institute\/wp-content\/uploads\/sites\/2\/2024\/05\/JS-NB-225x300.jpg 225w\" sizes=\"(max-width: 768px) 100vw, 768px\" \/><\/figure>\n\n\n\n<div class=\"wp-container-27 wp-block-group visibleBioContent\"><div class=\"wp-block-group__inner-container\">\n<h3>JULIA STRAUSS,<\/h3>\n\n\n\n<p>Responsable des exp\u00e9riences culturelles<\/p>\n<\/div><\/div>\n<\/div><\/div>\n\n\n\n<div class=\"wp-container-29 wp-block-group hiddenBio\"><div class=\"wp-block-group__inner-container\">\n<h4>JULIA STRAUSS,<\/h4>\n\n\n\n<p class=\"subtitle\">Responsable des exp\u00e9riences culturelles<\/p>\n\n\n\n<p>Dipl\u00f4m\u00e9e de Sciences-Po Paris et de l&rsquo;ESCP, Julia a rejoint les \u00e9quipes de Beaux Arts Institute en tant que Responsable des exp\u00e9riences culturelles. Sp\u00e9cialiste en marketing et communication, Julia a travaill\u00e9 \u00e0 la fois en entreprise de luxe et dans le secteur culturel. Elle coordonne les projets culturels internationaux et nationaux, en s\u2019attachant particuli\u00e8rement \u00e0 la conception de contenu et \u00e0 l\u2019excellence organisationnelle.<\/p>\n<\/div><\/div>\n<\/div><\/div>\n\n\n\n<div class=\"wp-container-35 wp-block-group equipeBio openToLeft\"><div class=\"wp-block-group__inner-container\">\n<div class=\"wp-container-33 wp-block-group visibleBio\"><div class=\"wp-block-group__inner-container\">\n<figure class=\"wp-duotone-000000-ffffff-31 wp-block-image size-large\"><img loading=\"lazy\" width=\"819\" height=\"1024\" src=\"https:\/\/beauxarts-cie.com\/institute\/wp-content\/uploads\/sites\/2\/2024\/05\/Claire-Bonjour-NB-1-819x1024.jpg\" alt=\"\" class=\"wp-image-1077\" srcset=\"https:\/\/beauxarts-cie.com\/institute\/wp-content\/uploads\/sites\/2\/2024\/05\/Claire-Bonjour-NB-1-819x1024.jpg 819w, https:\/\/beauxarts-cie.com\/institute\/wp-content\/uploads\/sites\/2\/2024\/05\/Claire-Bonjour-NB-1-240x300.jpg 240w, https:\/\/beauxarts-cie.com\/institute\/wp-content\/uploads\/sites\/2\/2024\/05\/Claire-Bonjour-NB-1-768x960.jpg 768w, https:\/\/beauxarts-cie.com\/institute\/wp-content\/uploads\/sites\/2\/2024\/05\/Claire-Bonjour-NB-1-1229x1536.jpg 1229w, https:\/\/beauxarts-cie.com\/institute\/wp-content\/uploads\/sites\/2\/2024\/05\/Claire-Bonjour-NB-1-1638x2048.jpg 1638w, https:\/\/beauxarts-cie.com\/institute\/wp-content\/uploads\/sites\/2\/2024\/05\/Claire-Bonjour-NB-1.jpg 1815w\" sizes=\"(max-width: 819px) 100vw, 819px\" \/><\/figure>\n\n\n\n<div class=\"wp-container-32 wp-block-group visibleBioContent\"><div class=\"wp-block-group__inner-container\">\n<h3>CLAIRE BONJOUR,<\/h3>\n\n\n\n<p>Responsable des exp\u00e9riences culturelles<\/p>\n<\/div><\/div>\n<\/div><\/div>\n\n\n\n<div class=\"wp-container-34 wp-block-group hiddenBio\"><div class=\"wp-block-group__inner-container\">\n<h4>CLAIRE BONJOUR,<\/h4>\n\n\n\n<p class=\"subtitle\">Responsable des exp\u00e9riences culturelles<\/p>\n\n\n\n<p>Dipl\u00f4m\u00e9e de King\u2019s College London, Claire accompagne les projets culturels et artistiques de l\u2019Institute. Apr\u00e8s un parcours dans le monde du conseil, elle s\u2019est sp\u00e9cialis\u00e9e en management et communication et porte un regard expert sur le monde de l\u2019entreprise.<\/p>\n<\/div><\/div>\n<\/div><\/div>\n\n\n\n<div class=\"wp-container-40 wp-block-group equipeBio openToLeft\"><div class=\"wp-block-group__inner-container\">\n<div class=\"wp-container-38 wp-block-group visibleBio\"><div class=\"wp-block-group__inner-container\">\n<figure class=\"wp-duotone-000000-ffffff-36 wp-block-image size-full\"><img loading=\"lazy\" width=\"767\" height=\"1024\" src=\"https:\/\/beauxarts-cie.com\/institute\/wp-content\/uploads\/sites\/2\/2024\/05\/EG-NB.jpg\" alt=\"\" class=\"wp-image-1073\" srcset=\"https:\/\/beauxarts-cie.com\/institute\/wp-content\/uploads\/sites\/2\/2024\/05\/EG-NB.jpg 767w, https:\/\/beauxarts-cie.com\/institute\/wp-content\/uploads\/sites\/2\/2024\/05\/EG-NB-225x300.jpg 225w\" sizes=\"(max-width: 767px) 100vw, 767px\" \/><\/figure>\n\n\n\n<div class=\"wp-container-37 wp-block-group visibleBioContent\"><div class=\"wp-block-group__inner-container\">\n<h3>ELOISE GROVES,<\/h3>\n\n\n\n<p>Charg\u00e9e de projets culturels<\/p>\n<\/div><\/div>\n<\/div><\/div>\n\n\n\n<div class=\"wp-container-39 wp-block-group hiddenBio\"><div class=\"wp-block-group__inner-container\">\n<h4>ELOISE GROVES,<\/h4>\n\n\n\n<p class=\"subtitle\">Charg\u00e9e de projets culturels<\/p>\n\n\n\n<p>Dipl\u00f4m\u00e9e du Trinity College, Cambridge, et de l\u2019\u00c9cole Normale Sup\u00e9rieure de Paris, Eloise est sp\u00e9cialiste de la litt\u00e9rature anglaise et de l\u2019histoire de l\u2019art moderne et contemporain. Elle se consacre notamment aux projets internationaux.<\/p>\n<\/div><\/div>\n<\/div><\/div>\n\n\n\n<div class=\"wp-container-45 wp-block-group equipeBio\"><div class=\"wp-block-group__inner-container\">\n<div class=\"wp-container-43 wp-block-group visibleBio\"><div class=\"wp-block-group__inner-container\">\n<figure class=\"wp-duotone-000000-ffffff-41 wp-block-image size-large\"><img loading=\"lazy\" width=\"792\" height=\"1024\" src=\"https:\/\/beauxarts-cie.com\/institute\/wp-content\/uploads\/sites\/2\/2024\/05\/Maxime-Bohn-NB-792x1024.jpeg\" alt=\"\" class=\"wp-image-1074\" srcset=\"https:\/\/beauxarts-cie.com\/institute\/wp-content\/uploads\/sites\/2\/2024\/05\/Maxime-Bohn-NB-792x1024.jpeg 792w, https:\/\/beauxarts-cie.com\/institute\/wp-content\/uploads\/sites\/2\/2024\/05\/Maxime-Bohn-NB-232x300.jpeg 232w, https:\/\/beauxarts-cie.com\/institute\/wp-content\/uploads\/sites\/2\/2024\/05\/Maxime-Bohn-NB-768x993.jpeg 768w, https:\/\/beauxarts-cie.com\/institute\/wp-content\/uploads\/sites\/2\/2024\/05\/Maxime-Bohn-NB-1188x1536.jpeg 1188w, https:\/\/beauxarts-cie.com\/institute\/wp-content\/uploads\/sites\/2\/2024\/05\/Maxime-Bohn-NB.jpeg 1450w\" sizes=\"(max-width: 792px) 100vw, 792px\" \/><\/figure>\n\n\n\n<div class=\"wp-container-42 wp-block-group visibleBioContent\"><div class=\"wp-block-group__inner-container\">\n<h3>MAXIME BOHN,<\/h3>\n\n\n\n<p>Charg\u00e9 de projets culturels<\/p>\n<\/div><\/div>\n<\/div><\/div>\n\n\n\n<div class=\"wp-container-44 wp-block-group hiddenBio\"><div class=\"wp-block-group__inner-container\">\n<h4>MAXIME BOHN,<\/h4>\n\n\n\n<p class=\"subtitle\">Charg\u00e9 de projets culturels<\/p>\n\n\n\n<p>Dipl\u00f4m\u00e9 de l\u2019ESSEC o\u00f9 il a effectu\u00e9 un \u00e9change avec l\u2019Ecole du Louvre, Maxime rejoint Beaux Arts Institute apr\u00e8s des exp\u00e9riences dans le conseil et en tant que commercial. Il a organis\u00e9 la soir\u00e9e des 40 ans de Beaux Arts Magazine, un \u00e9v\u00e9nement \u00e0 plus de 1 000 personnes.<\/p>\n<\/div><\/div>\n<\/div><\/div>\n<\/div><\/div>\n\n\n\n<p><\/p>\n","protected":false},"excerpt":{"rendered":"<p>NOTRE \u00c9QUIPE Une \u00e9quipe d\u2019experts aux parcours vari\u00e9s et aux comp\u00e9tences compl\u00e9mentaires Solenne BLANC, Directrice G\u00e9n\u00e9rale de Beaux Arts &amp; Cie Solenne BLANC, Directrice G\u00e9n\u00e9rale de Beaux Arts &amp; Cie Dipl\u00f4m\u00e9e de l\u2019ESSEC, Solenne a un parcours de 25 ans dans le conseil et l\u2019entrepreneuriat pour la culture et les m\u00e9dias : conseil en innovation [&hellip;]<\/p>\n","protected":false},"author":6,"featured_media":0,"parent":0,"menu_order":0,"comment_status":"closed","ping_status":"closed","template":"tpl-page-thumbnail.php","meta":[],"yoast_head":"<!-- This site is optimized with the Yoast SEO plugin v19.11 - https:\/\/yoast.com\/wordpress\/plugins\/seo\/ -->\n<title>Equipe - Beaux Arts Institute<\/title>\n<meta name=\"robots\" content=\"index, follow, max-snippet:-1, max-image-preview:large, max-video-preview:-1\" \/>\n<link rel=\"canonical\" href=\"https:\/\/beauxarts-cie.com\/institute\/equipe\/\" \/>\n<meta property=\"og:locale\" content=\"fr_FR\" \/>\n<meta property=\"og:type\" content=\"article\" \/>\n<meta property=\"og:title\" content=\"Equipe - Beaux Arts Institute\" \/>\n<meta property=\"og:description\" content=\"NOTRE \u00c9QUIPE Une \u00e9quipe d\u2019experts aux parcours vari\u00e9s et aux comp\u00e9tences compl\u00e9mentaires Solenne BLANC, Directrice G\u00e9n\u00e9rale de Beaux Arts &amp; Cie Solenne BLANC, Directrice G\u00e9n\u00e9rale de Beaux Arts &amp; Cie Dipl\u00f4m\u00e9e de l\u2019ESSEC, Solenne a un parcours de 25 ans dans le conseil et l\u2019entrepreneuriat pour la culture et les m\u00e9dias : conseil en innovation [&hellip;]\" \/>\n<meta property=\"og:url\" content=\"https:\/\/beauxarts-cie.com\/institute\/equipe\/\" \/>\n<meta property=\"og:site_name\" content=\"Beaux Arts Institute\" \/>\n<meta property=\"article:modified_time\" content=\"2024-12-04T09:03:20+00:00\" \/>\n<meta property=\"og:image\" content=\"https:\/\/beauxarts-cie.com\/institute\/wp-content\/uploads\/sites\/2\/2023\/01\/Solenne-Blanc-ARTNOVA-BEAUX-ARTS2-756x1024.jpg\" \/>\n<meta name=\"twitter:card\" content=\"summary_large_image\" \/>\n<meta name=\"twitter:label1\" content=\"Dur\u00e9e de lecture estim\u00e9e\" \/>\n\t<meta name=\"twitter:data1\" content=\"6 minutes\" \/>\n<script type=\"application\/ld+json\" class=\"yoast-schema-graph\">{\"@context\":\"https:\/\/schema.org\",\"@graph\":[{\"@type\":\"WebPage\",\"@id\":\"https:\/\/beauxarts-cie.com\/institute\/equipe\/\",\"url\":\"https:\/\/beauxarts-cie.com\/institute\/equipe\/\",\"name\":\"Equipe - Beaux Arts Institute\",\"isPartOf\":{\"@id\":\"https:\/\/beauxarts-cie.com\/institute\/#website\"},\"datePublished\":\"2024-05-02T14:26:59+00:00\",\"dateModified\":\"2024-12-04T09:03:20+00:00\",\"inLanguage\":\"fr-FR\",\"potentialAction\":[{\"@type\":\"ReadAction\",\"target\":[\"https:\/\/beauxarts-cie.com\/institute\/equipe\/\"]}]},{\"@type\":\"WebSite\",\"@id\":\"https:\/\/beauxarts-cie.com\/institute\/#website\",\"url\":\"https:\/\/beauxarts-cie.com\/institute\/\",\"name\":\"Beaux Arts Institute\",\"description\":\"Le partenaire artistique et culturel des entreprises\",\"publisher\":{\"@id\":\"https:\/\/beauxarts-cie.com\/institute\/#organization\"},\"potentialAction\":[{\"@type\":\"SearchAction\",\"target\":{\"@type\":\"EntryPoint\",\"urlTemplate\":\"https:\/\/beauxarts-cie.com\/institute\/?s={search_term_string}\"},\"query-input\":\"required name=search_term_string\"}],\"inLanguage\":\"fr-FR\"},{\"@type\":\"Organization\",\"@id\":\"https:\/\/beauxarts-cie.com\/institute\/#organization\",\"name\":\"Beaux Arts Institute\",\"url\":\"https:\/\/beauxarts-cie.com\/institute\/\",\"logo\":{\"@type\":\"ImageObject\",\"inLanguage\":\"fr-FR\",\"@id\":\"https:\/\/beauxarts-cie.com\/institute\/#\/schema\/logo\/image\/\",\"url\":\"https:\/\/beauxarts-cie.com\/institute\/wp-content\/uploads\/sites\/2\/2024\/05\/Logo-BAI-long.png\",\"contentUrl\":\"https:\/\/beauxarts-cie.com\/institute\/wp-content\/uploads\/sites\/2\/2024\/05\/Logo-BAI-long.png\",\"width\":430,\"height\":43,\"caption\":\"Beaux Arts Institute\"},\"image\":{\"@id\":\"https:\/\/beauxarts-cie.com\/institute\/#\/schema\/logo\/image\/\"},\"sameAs\":[\"https:\/\/www.linkedin.com\/company\/99437599\/admin\/feed\/posts\/\"]}]}<\/script>\n<!-- \/ Yoast SEO plugin. -->","yoast_head_json":{"title":"Equipe - Beaux Arts Institute","robots":{"index":"index","follow":"follow","max-snippet":"max-snippet:-1","max-image-preview":"max-image-preview:large","max-video-preview":"max-video-preview:-1"},"canonical":"https:\/\/beauxarts-cie.com\/institute\/equipe\/","og_locale":"fr_FR","og_type":"article","og_title":"Equipe - Beaux Arts Institute","og_description":"NOTRE \u00c9QUIPE Une \u00e9quipe d\u2019experts aux parcours vari\u00e9s et aux comp\u00e9tences compl\u00e9mentaires Solenne BLANC, Directrice G\u00e9n\u00e9rale de Beaux Arts &amp; Cie Solenne BLANC, Directrice G\u00e9n\u00e9rale de Beaux Arts &amp; Cie Dipl\u00f4m\u00e9e de l\u2019ESSEC, Solenne a un parcours de 25 ans dans le conseil et l\u2019entrepreneuriat pour la culture et les m\u00e9dias : conseil en innovation [&hellip;]","og_url":"https:\/\/beauxarts-cie.com\/institute\/equipe\/","og_site_name":"Beaux Arts Institute","article_modified_time":"2024-12-04T09:03:20+00:00","og_image":[{"url":"https:\/\/beauxarts-cie.com\/institute\/wp-content\/uploads\/sites\/2\/2023\/01\/Solenne-Blanc-ARTNOVA-BEAUX-ARTS2-756x1024.jpg"}],"twitter_card":"summary_large_image","twitter_misc":{"Dur\u00e9e de lecture estim\u00e9e":"6 minutes"},"schema":{"@context":"https:\/\/schema.org","@graph":[{"@type":"WebPage","@id":"https:\/\/beauxarts-cie.com\/institute\/equipe\/","url":"https:\/\/beauxarts-cie.com\/institute\/equipe\/","name":"Equipe - Beaux Arts Institute","isPartOf":{"@id":"https:\/\/beauxarts-cie.com\/institute\/#website"},"datePublished":"2024-05-02T14:26:59+00:00","dateModified":"2024-12-04T09:03:20+00:00","inLanguage":"fr-FR","potentialAction":[{"@type":"ReadAction","target":["https:\/\/beauxarts-cie.com\/institute\/equipe\/"]}]},{"@type":"WebSite","@id":"https:\/\/beauxarts-cie.com\/institute\/#website","url":"https:\/\/beauxarts-cie.com\/institute\/","name":"Beaux Arts Institute","description":"Le partenaire artistique et culturel des entreprises","publisher":{"@id":"https:\/\/beauxarts-cie.com\/institute\/#organization"},"potentialAction":[{"@type":"SearchAction","target":{"@type":"EntryPoint","urlTemplate":"https:\/\/beauxarts-cie.com\/institute\/?s={search_term_string}"},"query-input":"required name=search_term_string"}],"inLanguage":"fr-FR"},{"@type":"Organization","@id":"https:\/\/beauxarts-cie.com\/institute\/#organization","name":"Beaux Arts Institute","url":"https:\/\/beauxarts-cie.com\/institute\/","logo":{"@type":"ImageObject","inLanguage":"fr-FR","@id":"https:\/\/beauxarts-cie.com\/institute\/#\/schema\/logo\/image\/","url":"https:\/\/beauxarts-cie.com\/institute\/wp-content\/uploads\/sites\/2\/2024\/05\/Logo-BAI-long.png","contentUrl":"https:\/\/beauxarts-cie.com\/institute\/wp-content\/uploads\/sites\/2\/2024\/05\/Logo-BAI-long.png","width":430,"height":43,"caption":"Beaux Arts Institute"},"image":{"@id":"https:\/\/beauxarts-cie.com\/institute\/#\/schema\/logo\/image\/"},"sameAs":["https:\/\/www.linkedin.com\/company\/99437599\/admin\/feed\/posts\/"]}]}},"_links":{"self":[{"href":"https:\/\/beauxarts-cie.com\/institute\/wp-json\/wp\/v2\/pages\/991"}],"collection":[{"href":"https:\/\/beauxarts-cie.com\/institute\/wp-json\/wp\/v2\/pages"}],"about":[{"href":"https:\/\/beauxarts-cie.com\/institute\/wp-json\/wp\/v2\/types\/page"}],"author":[{"embeddable":true,"href":"https:\/\/beauxarts-cie.com\/institute\/wp-json\/wp\/v2\/users\/6"}],"replies":[{"embeddable":true,"href":"https:\/\/beauxarts-cie.com\/institute\/wp-json\/wp\/v2\/comments?post=991"}],"version-history":[{"count":67,"href":"https:\/\/beauxarts-cie.com\/institute\/wp-json\/wp\/v2\/pages\/991\/revisions"}],"predecessor-version":[{"id":2008,"href":"https:\/\/beauxarts-cie.com\/institute\/wp-json\/wp\/v2\/pages\/991\/revisions\/2008"}],"wp:attachment":[{"href":"https:\/\/beauxarts-cie.com\/institute\/wp-json\/wp\/v2\/media?parent=991"}],"curies":[{"name":"wp","href":"https:\/\/api.w.org\/{rel}","templated":true}]}}